{"id":999,"date":"2014-03-10T14:34:49","date_gmt":"2014-03-10T12:34:49","guid":{"rendered":"https:\/\/www.funiculart.fr\/ressources\/?page_id=999"},"modified":"2014-03-10T14:34:49","modified_gmt":"2014-03-10T12:34:49","slug":"damien-pose-dans-le-nord-de-la-france-et-en-belgique","status":"publish","type":"page","link":"https:\/\/www.funiculart.fr\/ressources\/damien-pose-dans-le-nord-de-la-france-et-en-belgique\/","title":{"rendered":"Damien pose dans le nord de la France et en Belgique"},"content":{"rendered":"<p>Damien &lt;<a href=\"mailto:lovelessmiguelito@netcourrier.com\">lovelessmiguelito@<wbr><\/wbr>netcourrier.com<\/a>&gt;<\/p>\n<p>34 ans, 1.68m, 60kg, peu poilu, sans complexe, habitu\u00e9 \u00e0 poser. Je suis de Belgique; possibilit\u00e9 pour le nord de la France, je suis dispo le samedi. S\u00e9rieux et motiv\u00e9.<\/p>\n<p><a href=\"https:\/\/www.funiculart.fr\/ressources\/wp-content\/uploads\/2014\/03\/nudor\u00e9.jpg\"><img loading=\"lazy\" decoding=\"async\" class=\"aligncenter size-full wp-image-1000\" alt=\"nudor\u00e9\" src=\"https:\/\/www.funiculart.fr\/ressources\/wp-content\/uploads\/2014\/03\/nudor\u00e9.jpg\" width=\"300\" height=\"225\" \/><\/a><\/p>\n","protected":false},"excerpt":{"rendered":"<p>Damien &lt;lovelessmiguelito@netcourrier.com&gt; 34 ans, 1.68m, 60kg, peu poilu, sans complexe, habitu\u00e9 \u00e0 poser. Je suis de Belgique; possibilit\u00e9 pour le nord de la France, je suis dispo le samedi. S\u00e9rieux et motiv\u00e9.<\/p>\n","protected":false},"author":1,"featured_media":0,"parent":0,"menu_order":0,"comment_status":"open","ping_status":"open","template":"","meta":{"footnotes":""},"class_list":["post-999","page","type-page","status-publish","hentry"],"aioseo_notices":[],"_links":{"self":[{"href":"https:\/\/www.funiculart.fr\/ressources\/wp-json\/wp\/v2\/pages\/999","targetHints":{"allow":["GET"]}}],"collection":[{"href":"https:\/\/www.funiculart.fr\/ressources\/wp-json\/wp\/v2\/pages"}],"about":[{"href":"https:\/\/www.funiculart.fr\/ressources\/wp-json\/wp\/v2\/types\/page"}],"author":[{"embeddable":true,"href":"https:\/\/www.funiculart.fr\/ressources\/wp-json\/wp\/v2\/users\/1"}],"replies":[{"embeddable":true,"href":"https:\/\/www.funiculart.fr\/ressources\/wp-json\/wp\/v2\/comments?post=999"}],"version-history":[{"count":0,"href":"https:\/\/www.funiculart.fr\/ressources\/wp-json\/wp\/v2\/pages\/999\/revisions"}],"wp:attachment":[{"href":"https:\/\/www.funiculart.fr\/ressources\/wp-json\/wp\/v2\/media?parent=999"}],"curies":[{"name":"wp","href":"https:\/\/api.w.org\/{rel}","templated":true}]}}

<p>Damien &lt;<a href="mailto:lovelessmiguelito@netcourrier.com">lovelessmiguelito@<wbr></wbr>netcourrier.com</a>&gt;</p>
<p>34 ans, 1.68m, 60kg, peu poilu, sans complexe, habitué à poser. Je suis de Belgique; possibilité pour le nord de la France, je suis dispo le samedi. Sérieux et motivé.</p>
<p><a href="https://www.funiculart.fr/ressources/wp-content/uploads/2014/03/nudoré.jpg"><img loading="lazy" decoding="async" class="aligncenter size-full wp-image-1000" alt="nudoré" src="https://www.funiculart.fr/ressources/wp-content/uploads/2014/03/nudoré.jpg" width="300" height="225" /></a></p>

<p>Damien &lt;lovelessmiguelito@netcourrier.com&gt; 34 ans, 1.68m, 60kg, peu poilu, sans complexe, habitué à poser. Je suis de Belgique; possibilité pour le nord de la France, je suis dispo le samedi. Sérieux et motivé.</p>
