{"id":935,"date":"2014-01-24T07:45:16","date_gmt":"2014-01-24T05:45:16","guid":{"rendered":"https:\/\/www.funiculart.fr\/ressources\/?page_id=935"},"modified":"2021-06-21T09:33:16","modified_gmt":"2021-06-21T07:33:16","slug":"sculpteur-sur-paris-et-je-cherche-pour-la-semaine-du-217-au-2572014-deux-modeles","status":"publish","type":"page","link":"https:\/\/www.funiculart.fr\/ressources\/sculpteur-sur-paris-et-je-cherche-pour-la-semaine-du-217-au-2572014-deux-modeles\/","title":{"rendered":"sculpteur sur Paris et je cherche pour la semaine du 21\/7 au 25\/7\/2014 deux mod\u00e8les"},"content":{"rendered":"<p>Candelier Christian &lt;<a href=\"mailto:christian.candelier@gmail.com\">christian.candelier@gmail.com<\/a>&gt;<br \/>\nhttp:\/\/<wbr><\/wbr>atelierceramiquesculpturedu15e<wbr><\/wbr>me.e-monsite.com\/pages\/stages-<wbr><\/wbr>de-sculpture-modelage.html<\/p>\n<div id=\":8u\">Je cherche une mod\u00e8le<br \/>\n\u00c9t\u00e9 2014 : Je suis sculpteur sur Paris et je cherche pour la semaine du 21\/7 au 25\/7\/2014 deux mod\u00e8les exp\u00e9riment\u00e9es \u00e0 NYONS 26110 dans la Dr\u00f4me. J&rsquo;organise un stage de sculpture \/ modelage avec mod\u00e8le vivant.Je souhaite avoir un mod\u00e8le diff\u00e9rent pour le matin (3 heures de pose) et l&rsquo;apr\u00e8s midi (3 heures de pose), soit 15 heures de pose pour chaque mod\u00e8le sur 5 jours.<\/p>\n<p>Formule compatible avec des vacances sur place dans une r\u00e9gion merveilleuse.<br \/>\nR\u00e9mun\u00e9ration 20\u20ac de l&rsquo;heure.<\/p>\n<p><a href=\"https:\/\/www.funiculart.fr\/ressources\/wp-content\/uploads\/2014\/01\/mas_de_la_mochatte_chambre_d_hote_2_0.jpg\"><img loading=\"lazy\" decoding=\"async\" class=\"aligncenter size-medium wp-image-936\" alt=\"mas_de_la_mochatte_chambre_d_hote_2_0\" src=\"https:\/\/www.funiculart.fr\/ressources\/wp-content\/uploads\/2014\/01\/mas_de_la_mochatte_chambre_d_hote_2_0-600x183.jpg\" width=\"600\" height=\"183\" srcset=\"https:\/\/www.funiculart.fr\/ressources\/wp-content\/uploads\/2014\/01\/mas_de_la_mochatte_chambre_d_hote_2_0-600x183.jpg 600w, https:\/\/www.funiculart.fr\/ressources\/wp-content\/uploads\/2014\/01\/mas_de_la_mochatte_chambre_d_hote_2_0-1024x312.jpg 1024w\" sizes=\"auto, (max-width: 600px) 100vw, 600px\" \/><\/a><\/p>\n<\/div>\n","protected":false},"excerpt":{"rendered":"<p>Candelier Christian &lt;christian.candelier@gmail.com&gt; http:\/\/atelierceramiquesculpturedu15eme.e-monsite.com\/pages\/stages-de-sculpture-modelage.html Je cherche une mod\u00e8le \u00c9t\u00e9 2014 : Je suis sculpteur sur Paris et je cherche pour la semaine du 21\/7 au 25\/7\/2014 deux mod\u00e8les exp\u00e9riment\u00e9es \u00e0 NYONS 26110 dans la Dr\u00f4me. J&rsquo;organise un stage de sculpture \/ modelage avec mod\u00e8le vivant.Je souhaite avoir un mod\u00e8le diff\u00e9rent pour le matin (3 heures [&hellip;]<\/p>\n","protected":false},"author":1,"featured_media":0,"parent":0,"menu_order":0,"comment_status":"open","ping_status":"open","template":"","meta":{"footnotes":""},"class_list":["post-935","page","type-page","status-publish","hentry"],"aioseo_notices":[],"_links":{"self":[{"href":"https:\/\/www.funiculart.fr\/ressources\/wp-json\/wp\/v2\/pages\/935","targetHints":{"allow":["GET"]}}],"collection":[{"href":"https:\/\/www.funiculart.fr\/ressources\/wp-json\/wp\/v2\/pages"}],"about":[{"href":"https:\/\/www.funiculart.fr\/ressources\/wp-json\/wp\/v2\/types\/page"}],"author":[{"embeddable":true,"href":"https:\/\/www.funiculart.fr\/ressources\/wp-json\/wp\/v2\/users\/1"}],"replies":[{"embeddable":true,"href":"https:\/\/www.funiculart.fr\/ressources\/wp-json\/wp\/v2\/comments?post=935"}],"version-history":[{"count":0,"href":"https:\/\/www.funiculart.fr\/ressources\/wp-json\/wp\/v2\/pages\/935\/revisions"}],"wp:attachment":[{"href":"https:\/\/www.funiculart.fr\/ressources\/wp-json\/wp\/v2\/media?parent=935"}],"curies":[{"name":"wp","href":"https:\/\/api.w.org\/{rel}","templated":true}]}}

sculpteur sur Paris et je cherche pour la semaine du 21/7 au 25/7/2014 deux modèles

<p>Candelier Christian &lt;<a href="mailto:christian.candelier@gmail.com">christian.candelier@gmail.com</a>&gt;<br />
http://<wbr></wbr>atelierceramiquesculpturedu15e<wbr></wbr>me.e-monsite.com/pages/stages-<wbr></wbr>de-sculpture-modelage.html</p>
<div id=":8u">Je cherche une modèle<br />
Été 2014 : Je suis sculpteur sur Paris et je cherche pour la semaine du 21/7 au 25/7/2014 deux modèles expérimentées à NYONS 26110 dans la Drôme. J&rsquo;organise un stage de sculpture / modelage avec modèle vivant.Je souhaite avoir un modèle différent pour le matin (3 heures de pose) et l&rsquo;après midi (3 heures de pose), soit 15 heures de pose pour chaque modèle sur 5 jours.</p>
<p>Formule compatible avec des vacances sur place dans une région merveilleuse.<br />
Rémunération 20€ de l&rsquo;heure.</p>
<p><a href="https://www.funiculart.fr/ressources/wp-content/uploads/2014/01/mas_de_la_mochatte_chambre_d_hote_2_0.jpg"><img loading="lazy" decoding="async" class="aligncenter size-medium wp-image-936" alt="mas_de_la_mochatte_chambre_d_hote_2_0" src="https://www.funiculart.fr/ressources/wp-content/uploads/2014/01/mas_de_la_mochatte_chambre_d_hote_2_0-600x183.jpg" width="600" height="183" srcset="https://www.funiculart.fr/ressources/wp-content/uploads/2014/01/mas_de_la_mochatte_chambre_d_hote_2_0-600x183.jpg 600w, https://www.funiculart.fr/ressources/wp-content/uploads/2014/01/mas_de_la_mochatte_chambre_d_hote_2_0-1024x312.jpg 1024w" sizes="auto, (max-width: 600px) 100vw, 600px" /></a></p>
</div>

<p>Candelier Christian &lt;christian.candelier@gmail.com&gt; http://atelierceramiquesculpturedu15eme.e-monsite.com/pages/stages-de-sculpture-modelage.html Je cherche une modèle Été 2014 : Je suis sculpteur sur Paris et je cherche pour la semaine du 21/7 au 25/7/2014 deux modèles expérimentées à NYONS 26110 dans la Drôme. J&rsquo;organise un stage de sculpture / modelage avec modèle vivant.Je souhaite avoir un modèle différent pour le matin (3 heures [&hellip;]</p>
