{"id":918,"date":"2014-01-03T20:44:05","date_gmt":"2014-01-03T18:44:05","guid":{"rendered":"https:\/\/www.funiculart.fr\/ressources\/?page_id=918"},"modified":"2014-01-03T20:44:05","modified_gmt":"2014-01-03T18:44:05","slug":"axel-modele-entre-cambrai-et-valenciennes","status":"publish","type":"page","link":"https:\/\/www.funiculart.fr\/ressources\/axel-modele-entre-cambrai-et-valenciennes\/","title":{"rendered":"Axel modele entre Cambrai et Valenciennes"},"content":{"rendered":"<p>axel &lt;<a href=\"mailto:lovedetoi5911@hotmail.fr\">lovedetoi5911@hotmail.fr<\/a>&gt;<\/p>\n<p>je suis mod\u00e8le : environ 1m70\/75 plut\u00f4t mince cheuveux longs&#8230; Je peux envoyer des photos de nus par mail, je suis dans le nord de la france entre Cambrai et Valenciennes, j&rsquo;ai une voiture pour me d\u00e9placer si besoin, tarifs \u00e0 d\u00e9finir selon le temps de pose et la distance.<\/p>\n<p><a href=\"https:\/\/www.funiculart.fr\/ressources\/wp-content\/uploads\/2014\/01\/IMG_2585.jpg\"><img loading=\"lazy\" decoding=\"async\" class=\"aligncenter size-medium wp-image-919\" alt=\"IMG_2585\" src=\"https:\/\/www.funiculart.fr\/ressources\/wp-content\/uploads\/2014\/01\/IMG_2585-600x400.jpg\" width=\"600\" height=\"400\" srcset=\"https:\/\/www.funiculart.fr\/ressources\/wp-content\/uploads\/2014\/01\/IMG_2585-600x400.jpg 600w, https:\/\/www.funiculart.fr\/ressources\/wp-content\/uploads\/2014\/01\/IMG_2585.jpg 720w\" sizes=\"auto, (max-width: 600px) 100vw, 600px\" \/><\/a><\/p>\n","protected":false},"excerpt":{"rendered":"<p>axel &lt;lovedetoi5911@hotmail.fr&gt; je suis mod\u00e8le : environ 1m70\/75 plut\u00f4t mince cheuveux longs&#8230; Je peux envoyer des photos de nus par mail, je suis dans le nord de la france entre Cambrai et Valenciennes, j&rsquo;ai une voiture pour me d\u00e9placer si besoin, tarifs \u00e0 d\u00e9finir selon le temps de pose et la distance.<\/p>\n","protected":false},"author":1,"featured_media":0,"parent":0,"menu_order":0,"comment_status":"open","ping_status":"open","template":"","meta":{"footnotes":""},"class_list":["post-918","page","type-page","status-publish","hentry"],"aioseo_notices":[],"_links":{"self":[{"href":"https:\/\/www.funiculart.fr\/ressources\/wp-json\/wp\/v2\/pages\/918","targetHints":{"allow":["GET"]}}],"collection":[{"href":"https:\/\/www.funiculart.fr\/ressources\/wp-json\/wp\/v2\/pages"}],"about":[{"href":"https:\/\/www.funiculart.fr\/ressources\/wp-json\/wp\/v2\/types\/page"}],"author":[{"embeddable":true,"href":"https:\/\/www.funiculart.fr\/ressources\/wp-json\/wp\/v2\/users\/1"}],"replies":[{"embeddable":true,"href":"https:\/\/www.funiculart.fr\/ressources\/wp-json\/wp\/v2\/comments?post=918"}],"version-history":[{"count":0,"href":"https:\/\/www.funiculart.fr\/ressources\/wp-json\/wp\/v2\/pages\/918\/revisions"}],"wp:attachment":[{"href":"https:\/\/www.funiculart.fr\/ressources\/wp-json\/wp\/v2\/media?parent=918"}],"curies":[{"name":"wp","href":"https:\/\/api.w.org\/{rel}","templated":true}]}}