{"id":900,"date":"2013-12-18T18:53:17","date_gmt":"2013-12-18T16:53:17","guid":{"rendered":"https:\/\/www.funiculart.fr\/ressources\/?page_id=900"},"modified":"2014-11-24T10:01:44","modified_gmt":"2014-11-24T08:01:44","slug":"regis-hogsonn-modele-sur-region-lilloise","status":"publish","type":"page","link":"https:\/\/www.funiculart.fr\/ressources\/regis-hogsonn-modele-sur-region-lilloise\/","title":{"rendered":"Regis Hogsonn mod\u00e8le sur r\u00e9gion lilloise"},"content":{"rendered":"<p>Annonce supprim\u00e9e par son auteur.<\/p>\n","protected":false},"excerpt":{"rendered":"<p>Annonce supprim\u00e9e par son auteur.<\/p>\n","protected":false},"author":1,"featured_media":0,"parent":0,"menu_order":0,"comment_status":"open","ping_status":"open","template":"","meta":{"footnotes":""},"class_list":["post-900","page","type-page","status-publish","hentry"],"aioseo_notices":[],"_links":{"self":[{"href":"https:\/\/www.funiculart.fr\/ressources\/wp-json\/wp\/v2\/pages\/900","targetHints":{"allow":["GET"]}}],"collection":[{"href":"https:\/\/www.funiculart.fr\/ressources\/wp-json\/wp\/v2\/pages"}],"about":[{"href":"https:\/\/www.funiculart.fr\/ressources\/wp-json\/wp\/v2\/types\/page"}],"author":[{"embeddable":true,"href":"https:\/\/www.funiculart.fr\/ressources\/wp-json\/wp\/v2\/users\/1"}],"replies":[{"embeddable":true,"href":"https:\/\/www.funiculart.fr\/ressources\/wp-json\/wp\/v2\/comments?post=900"}],"version-history":[{"count":0,"href":"https:\/\/www.funiculart.fr\/ressources\/wp-json\/wp\/v2\/pages\/900\/revisions"}],"wp:attachment":[{"href":"https:\/\/www.funiculart.fr\/ressources\/wp-json\/wp\/v2\/media?parent=900"}],"curies":[{"name":"wp","href":"https:\/\/api.w.org\/{rel}","templated":true}]}}