{"id":687,"date":"2013-07-01T08:09:54","date_gmt":"2013-07-01T06:09:54","guid":{"rendered":"https:\/\/www.funiculart.fr\/ressources\/?page_id=687"},"modified":"2013-07-01T08:14:46","modified_gmt":"2013-07-01T06:14:46","slug":"cours-en-atelier-a-marcq-en-baroeul-sabine-boulinguiez","status":"publish","type":"page","link":"https:\/\/www.funiculart.fr\/ressources\/cours-en-atelier-a-marcq-en-baroeul-sabine-boulinguiez\/","title":{"rendered":"cours en atelier \u00e0 Marcq en baroeul Sabine Boulinguiez"},"content":{"rendered":"<p>SABINE BOULINGUIEZ &lt;<a href=\"mailto:boulinguiez.sabine@free.fr\">boulinguiez.sabine@free.fr<\/a>&gt;<br \/>\ncours en atelier<br \/>\nJe vous propose, \u00e0 la reprise de l&rsquo;atelier d\u00e8s la 2\u00b0semaine de septembre 2013,des cours pratiques sur toutes les techniques en 2 dimensions (peinture \u00e0 l&rsquo;huile-pastels-fusain ou sanguine-aquarelle..etc).<\/p>\n<div id=\":j6\"><wbr><\/wbr>Chaque probl\u00e8me sera r\u00e9solu en fonction de l&rsquo;\u00e9l\u00e8ve et de sa demande.<br \/>\nToutes les tranches d&rsquo;\u00e2ges sont accept\u00e9es (\u00e0 partir de 10 ans) et peuvent se c\u00f4toyer sur la m\u00eame s\u00e9ance, puisque les cours sont d\u00e9finis selon la demande de chacun. Les \u00e9l\u00e8ves d\u00e9finissent leur heure d&rsquo;arriv\u00e9e et de d\u00e9part.<br \/>\nL&rsquo;atelier sera ouvert les mercredis de 14H A 16H et les vendredis de 17H A 21H.<\/div>\n<div><\/div>\n<div>Les tarifs demand\u00e9s sont de :<\/div>\n<div>\n<ul>\n<li>5\u20ac \/ l&rsquo;heure pour un enfant<\/li>\n<li>8\u20ac \/ l&rsquo;heure pour un adulte (l&rsquo;\u00e9l\u00e8ve ne paye que ses pr\u00e9sences par ticket personnel)<\/li>\n<\/ul>\n<p>t\u00e9l: 0320551758 adresse: 23 avenue louis Braille \u00e0 Marcq-en-Baroeul (entr\u00e9e par le garage).<\/p>\n<p style=\"text-align: center;\"><a href=\"https:\/\/www.funiculart.fr\/ressources\/wp-content\/uploads\/2013\/07\/DSC02782.jpg\"><img loading=\"lazy\" decoding=\"async\" class=\"aligncenter size-large wp-image-692\" title=\"atelier sabine boulinguiez\" alt=\"DSC02782\" src=\"https:\/\/www.funiculart.fr\/ressources\/wp-content\/uploads\/2013\/07\/DSC02782-1024x716.jpg\" width=\"630\" height=\"440\" srcset=\"https:\/\/www.funiculart.fr\/ressources\/wp-content\/uploads\/2013\/07\/DSC02782-1024x716.jpg 1024w, https:\/\/www.funiculart.fr\/ressources\/wp-content\/uploads\/2013\/07\/DSC02782-571x400.jpg 571w, https:\/\/www.funiculart.fr\/ressources\/wp-content\/uploads\/2013\/07\/DSC02782-600x420.jpg 600w, https:\/\/www.funiculart.fr\/ressources\/wp-content\/uploads\/2013\/07\/DSC02782.jpg 1200w\" sizes=\"auto, (max-width: 630px) 100vw, 630px\" \/><\/a><\/p>\n<\/div>\n","protected":false},"excerpt":{"rendered":"<p>SABINE BOULINGUIEZ &lt;boulinguiez.sabine@free.fr&gt; cours en atelier Je vous propose, \u00e0 la reprise de l&rsquo;atelier d\u00e8s la 2\u00b0semaine de septembre 2013,des cours pratiques sur toutes les techniques en 2 dimensions (peinture \u00e0 l&rsquo;huile-pastels-fusain ou sanguine-aquarelle..etc). Chaque probl\u00e8me sera r\u00e9solu en fonction de l&rsquo;\u00e9l\u00e8ve et de sa demande. Toutes les tranches d&rsquo;\u00e2ges sont accept\u00e9es (\u00e0 partir de [&hellip;]<\/p>\n","protected":false},"author":1,"featured_media":0,"parent":0,"menu_order":0,"comment_status":"open","ping_status":"open","template":"","meta":{"footnotes":""},"class_list":["post-687","page","type-page","status-publish","hentry"],"aioseo_notices":[],"_links":{"self":[{"href":"https:\/\/www.funiculart.fr\/ressources\/wp-json\/wp\/v2\/pages\/687","targetHints":{"allow":["GET"]}}],"collection":[{"href":"https:\/\/www.funiculart.fr\/ressources\/wp-json\/wp\/v2\/pages"}],"about":[{"href":"https:\/\/www.funiculart.fr\/ressources\/wp-json\/wp\/v2\/types\/page"}],"author":[{"embeddable":true,"href":"https:\/\/www.funiculart.fr\/ressources\/wp-json\/wp\/v2\/users\/1"}],"replies":[{"embeddable":true,"href":"https:\/\/www.funiculart.fr\/ressources\/wp-json\/wp\/v2\/comments?post=687"}],"version-history":[{"count":0,"href":"https:\/\/www.funiculart.fr\/ressources\/wp-json\/wp\/v2\/pages\/687\/revisions"}],"wp:attachment":[{"href":"https:\/\/www.funiculart.fr\/ressources\/wp-json\/wp\/v2\/media?parent=687"}],"curies":[{"name":"wp","href":"https:\/\/api.w.org\/{rel}","templated":true}]}}

cours en atelier à Marcq en baroeul Sabine Boulinguiez

<p>SABINE BOULINGUIEZ &lt;<a href="mailto:boulinguiez.sabine@free.fr">boulinguiez.sabine@free.fr</a>&gt;<br />
cours en atelier<br />
Je vous propose, à la reprise de l&rsquo;atelier dès la 2°semaine de septembre 2013,des cours pratiques sur toutes les techniques en 2 dimensions (peinture à l&rsquo;huile-pastels-fusain ou sanguine-aquarelle..etc).</p>
<div id=":j6"><wbr></wbr>Chaque problème sera résolu en fonction de l&rsquo;élève et de sa demande.<br />
Toutes les tranches d&rsquo;âges sont acceptées (à partir de 10 ans) et peuvent se côtoyer sur la même séance, puisque les cours sont définis selon la demande de chacun. Les élèves définissent leur heure d&rsquo;arrivée et de départ.<br />
L&rsquo;atelier sera ouvert les mercredis de 14H A 16H et les vendredis de 17H A 21H.</div>
<div></div>
<div>Les tarifs demandés sont de :</div>
<div>
<ul>
<li>5€ / l&rsquo;heure pour un enfant</li>
<li>8€ / l&rsquo;heure pour un adulte (l&rsquo;élève ne paye que ses présences par ticket personnel)</li>
</ul>
<p>tél: 0320551758 adresse: 23 avenue louis Braille à Marcq-en-Baroeul (entrée par le garage).</p>
<p style="text-align: center;"><a href="https://www.funiculart.fr/ressources/wp-content/uploads/2013/07/DSC02782.jpg"><img loading="lazy" decoding="async" class="aligncenter size-large wp-image-692" title="atelier sabine boulinguiez" alt="DSC02782" src="https://www.funiculart.fr/ressources/wp-content/uploads/2013/07/DSC02782-1024x716.jpg" width="630" height="440" srcset="https://www.funiculart.fr/ressources/wp-content/uploads/2013/07/DSC02782-1024x716.jpg 1024w, https://www.funiculart.fr/ressources/wp-content/uploads/2013/07/DSC02782-571x400.jpg 571w, https://www.funiculart.fr/ressources/wp-content/uploads/2013/07/DSC02782-600x420.jpg 600w, https://www.funiculart.fr/ressources/wp-content/uploads/2013/07/DSC02782.jpg 1200w" sizes="auto, (max-width: 630px) 100vw, 630px" /></a></p>
</div>

<p>SABINE BOULINGUIEZ &lt;boulinguiez.sabine@free.fr&gt; cours en atelier Je vous propose, à la reprise de l&rsquo;atelier dès la 2°semaine de septembre 2013,des cours pratiques sur toutes les techniques en 2 dimensions (peinture à l&rsquo;huile-pastels-fusain ou sanguine-aquarelle..etc). Chaque problème sera résolu en fonction de l&rsquo;élève et de sa demande. Toutes les tranches d&rsquo;âges sont acceptées (à partir de [&hellip;]</p>
