{"id":635,"date":"2013-06-28T14:22:26","date_gmt":"2013-06-28T12:22:26","guid":{"rendered":"https:\/\/www.funiculart.fr\/ressources\/?page_id=635"},"modified":"2021-05-26T11:32:44","modified_gmt":"2021-05-26T09:32:44","slug":"cours-de-sculpture-a-lille-guy-le-perse","status":"publish","type":"page","link":"https:\/\/www.funiculart.fr\/ressources\/cours-de-sculpture-a-lille-guy-le-perse\/","title":{"rendered":"cours de sculpture \u00e0 Douai : Guy Le Perse"},"content":{"rendered":"<p>Guy Le Perse &lt;<a href=\"mailto:guy.le.perse@gmail.com\">guy.le.perse@gmail.com<\/a>&gt;<\/p>\n<p>Cours de sculpture \u00e0 Douai :<\/p>\n<p>Je propose des cours de sculpture pour tous niveaux. Vous apprendrez les diff\u00e9rentes techniques de modelage et travaillerez la terre autour d&rsquo;un mod\u00e8le vivant.<br \/>\nJe suis intervenant \u00e0 l&rsquo;\u00e9cole d&rsquo;art de Douai : cours de modelage d&rsquo;apr\u00e8s mod\u00e8les vivants, les jeudi de 9 \u00e0 12 h, de 14 \u00e0 17h, les samedi de 9 \u00e0 12h .\u00a0Ecole d&rsquo;art de Douai \/ 75 rue des Wetz 59500 Douai \/ 03 27 08 75 12.<\/p>\n<p>Le site de <a href=\"https:\/\/guy-le-perse.fr\/\">Guy Le Perse<\/a> \/ sa galerie sculpteur sur Art en Nord<\/p>\n<!-- Rendered by FancyBox without labels BEGIN -->\n\n\t<style type=\"text\/css\">\n\t\t\t\t\t#gallery-0 {\n\t\t\t\t\t\tmargin: auto;\n\t\t\t\t\t}\n\t\t\t\t\t#gallery-0 .gallery-item {\n\t\t\t\t\t\tfloat: left;\n\t\t\t\t\t\tmargin-top: 10px;\n\t\t\t\t\t\ttext-align: center;\n\t\t\t\t\t\twidth: 32%;\n\t\t\t\t\t}\n\t\t\t\t\t#gallery-0 img {\n\t\t\t\t\t\tborder: 2px solid #cfcfcf;\n\t\t\t\t\t}\n\t\t\t\t\t#gallery-0 .gallery-caption {\n\t\t\t\t\t\tmargin-left: 0;\n\t\t\t\t\t}\n\t<\/style>\n<script type=\"text\/javascript\">\n$(document).ready(function() {\n\t\/*\n\t *  Simple image gallery. Uses default settings\n\t *\/\n\n\t$(\".fancybox\").fancybox({\n\t\t\"transitionIn\"\t\t: \"none\",\n\t\t\"transitionOut\"\t\t: \"none\",\n\t\t\"titlePosition\" \t: \"over\"\n\n\t});\n});\n<\/script>\n\n\t<div id=\"gallery-0\" class=\"gallery galleryid-0 gallery-size-thumbnail\" style=\"\"><dl class=\"gallery-item\"><dt class=\"gallery-icon\">\n\t\t<a class=\"fancybox\" href=\"https:\/\/www.funiculart.fr\/ressources\/wp-content\/uploads\/2013\/06\/cours-sculpture-guy-leperse-1.jpg\" rel=\"gallery-0\"><img loading=\"lazy\" decoding=\"async\" width=\"150\" height=\"300\" class=\"attachment-thumbnail\" alt=\"\" src=\"https:\/\/www.funiculart.fr\/ressources\/wp-content\/uploads\/2013\/06\/cours-sculpture-guy-leperse-1-150x300.jpg\" \/><\/a><\/dt><\/dl>\n\n<dl class=\"gallery-item\"><dt class=\"gallery-icon\">\n\t\t<a class=\"fancybox\" href=\"https:\/\/www.funiculart.fr\/ressources\/wp-content\/uploads\/2013\/06\/cours-sculpture-guy-leperse-21-1024x682.jpg\" rel=\"gallery-0\"><img loading=\"lazy\" decoding=\"async\" width=\"150\" height=\"300\" class=\"attachment-thumbnail\" alt=\"\" src=\"https:\/\/www.funiculart.fr\/ressources\/wp-content\/uploads\/2013\/06\/cours-sculpture-guy-leperse-21-150x300.jpg\" \/><\/a><\/dt><\/dl>\n\n<dl class=\"gallery-item\"><dt class=\"gallery-icon\">\n\t\t<a class=\"fancybox\" href=\"https:\/\/www.funiculart.fr\/ressources\/wp-content\/uploads\/2013\/06\/cours-sculpture-guy-leperse-31-682x1024.jpg\" rel=\"gallery-0\"><img loading=\"lazy\" decoding=\"async\" width=\"150\" height=\"300\" class=\"attachment-thumbnail\" alt=\"\" src=\"https:\/\/www.funiculart.fr\/ressources\/wp-content\/uploads\/2013\/06\/cours-sculpture-guy-leperse-31-150x300.jpg\" \/><\/a><\/dt><\/dl>\n\n<dl class=\"gallery-item\"><dt class=\"gallery-icon\">\n\t\t<a class=\"fancybox\" href=\"https:\/\/www.funiculart.fr\/ressources\/wp-content\/uploads\/2013\/06\/cours-sculpture-guy-leperse-41-1024x586.jpg\" rel=\"gallery-0\"><img loading=\"lazy\" decoding=\"async\" width=\"150\" height=\"300\" class=\"attachment-thumbnail\" alt=\"\" src=\"https:\/\/www.funiculart.fr\/ressources\/wp-content\/uploads\/2013\/06\/cours-sculpture-guy-leperse-41-150x300.jpg\" \/><\/a><\/dt><\/dl>\n\n<\/div><br clear=\"all\" \/><!-- Rendered by FancyBox without labels END -->\n\n","protected":false},"excerpt":{"rendered":"<p>Guy Le Perse &lt;guy.le.perse@gmail.com&gt; Cours de sculpture \u00e0 Douai : Je propose des cours de sculpture pour tous niveaux. Vous apprendrez les diff\u00e9rentes techniques de modelage et travaillerez la terre autour d&rsquo;un mod\u00e8le vivant. Je suis intervenant \u00e0 l&rsquo;\u00e9cole d&rsquo;art de Douai : cours de modelage d&rsquo;apr\u00e8s mod\u00e8les vivants, les jeudi de 9 \u00e0 12 [&hellip;]<\/p>\n","protected":false},"author":1,"featured_media":0,"parent":0,"menu_order":0,"comment_status":"open","ping_status":"open","template":"","meta":{"footnotes":""},"class_list":["post-635","page","type-page","status-publish","hentry"],"aioseo_notices":[],"_links":{"self":[{"href":"https:\/\/www.funiculart.fr\/ressources\/wp-json\/wp\/v2\/pages\/635","targetHints":{"allow":["GET"]}}],"collection":[{"href":"https:\/\/www.funiculart.fr\/ressources\/wp-json\/wp\/v2\/pages"}],"about":[{"href":"https:\/\/www.funiculart.fr\/ressources\/wp-json\/wp\/v2\/types\/page"}],"author":[{"embeddable":true,"href":"https:\/\/www.funiculart.fr\/ressources\/wp-json\/wp\/v2\/users\/1"}],"replies":[{"embeddable":true,"href":"https:\/\/www.funiculart.fr\/ressources\/wp-json\/wp\/v2\/comments?post=635"}],"version-history":[{"count":0,"href":"https:\/\/www.funiculart.fr\/ressources\/wp-json\/wp\/v2\/pages\/635\/revisions"}],"wp:attachment":[{"href":"https:\/\/www.funiculart.fr\/ressources\/wp-json\/wp\/v2\/media?parent=635"}],"curies":[{"name":"wp","href":"https:\/\/api.w.org\/{rel}","templated":true}]}}