{"id":594,"date":"2013-03-13T16:22:15","date_gmt":"2013-03-13T14:22:15","guid":{"rendered":"https:\/\/www.funiculart.fr\/ressources\/?page_id=594"},"modified":"2013-03-13T16:22:15","modified_gmt":"2013-03-13T14:22:15","slug":"eric-modele-homme-pour-artistes","status":"publish","type":"page","link":"https:\/\/www.funiculart.fr\/ressources\/eric-modele-homme-pour-artistes\/","title":{"rendered":"Eric modele homme pour artistes"},"content":{"rendered":"<p>Eric <a href=\"mailto:kiki567@free.fr\">kiki567@free.fr<\/a><\/p>\n<p>Je pose comme mod\u00e8le, je suis un homme de 42 ans, mince, \u00e9pil\u00e9.<\/p>\n<p>Je pose pour nus softs. Je mesure 1m75 pour 60 kg et suis en attente de toutes propositions s\u00e9rieuses en France (suis de la r\u00e9gion parisienne : les Yvelines 78).<\/p>\n<p><img loading=\"lazy\" decoding=\"async\" class=\"aligncenter size-full wp-image-595\" alt=\"Abstraction-du-corps-klaus-kampert5-300x300\" src=\"https:\/\/www.funiculart.fr\/ressources\/wp-content\/uploads\/2013\/03\/Abstraction-du-corps-klaus-kampert5-300x300.jpg\" width=\"300\" height=\"300\" srcset=\"https:\/\/www.funiculart.fr\/ressources\/wp-content\/uploads\/2013\/03\/Abstraction-du-corps-klaus-kampert5-300x300.jpg 300w, https:\/\/www.funiculart.fr\/ressources\/wp-content\/uploads\/2013\/03\/Abstraction-du-corps-klaus-kampert5-300x300-150x150.jpg 150w\" sizes=\"auto, (max-width: 300px) 100vw, 300px\" \/><\/p>\n","protected":false},"excerpt":{"rendered":"<p>Eric kiki567@free.fr Je pose comme mod\u00e8le, je suis un homme de 42 ans, mince, \u00e9pil\u00e9. Je pose pour nus softs. Je mesure 1m75 pour 60 kg et suis en attente de toutes propositions s\u00e9rieuses en France (suis de la r\u00e9gion parisienne : les Yvelines 78).<\/p>\n","protected":false},"author":1,"featured_media":0,"parent":0,"menu_order":0,"comment_status":"open","ping_status":"open","template":"","meta":{"footnotes":""},"class_list":["post-594","page","type-page","status-publish","hentry"],"aioseo_notices":[],"aioseo_head":"\n\t\t<!-- All in One SEO 5.0.1.1 - aioseo.com -->\n\t<meta name=\"description\" content=\"Eric kiki567@free.fr Je pose comme mod\u00e8le, je suis un homme de 42 ans, mince, \u00e9pil\u00e9. Je pose pour nus softs. Je mesure 1m75 pour 60 kg et suis en attente de toutes propositions s\u00e9rieuses en France (suis de la r\u00e9gion parisienne : les Yvelines 78).\" \/>\n\t<meta name=\"robots\" content=\"max-image-preview:large\" \/>\n\t<link rel=\"canonical\" href=\"https:\/\/www.funiculart.fr\/ressources\/eric-modele-homme-pour-artistes\/\" \/>\n\t<meta name=\"generator\" content=\"All in One SEO (AIOSEO) 5.0.1.1\" \/>\n\t\t<meta property=\"og:locale\" content=\"fr_FR\" \/>\n\t\t<meta property=\"og:site_name\" content=\"Funiculart \u2013 Ressources pour artistes du Nord Pas-de-Calais et Picardie\" \/>\n\t\t<meta property=\"og:type\" content=\"article\" \/>\n\t\t<meta property=\"og:title\" content=\"Eric modele homme pour artistes | Funiculart\" \/>\n\t\t<meta property=\"og:description\" content=\"Eric kiki567@free.fr Je pose comme mod\u00e8le, je suis un homme de 42 ans, mince, \u00e9pil\u00e9. Je pose pour nus softs. Je mesure 1m75 pour 60 kg et suis en attente de toutes propositions s\u00e9rieuses en France (suis de la r\u00e9gion parisienne : les Yvelines 78).\" \/>\n\t\t<meta property=\"og:url\" content=\"https:\/\/www.funiculart.fr\/ressources\/eric-modele-homme-pour-artistes\/\" \/>\n\t\t<meta property=\"article:published_time\" content=\"2013-03-13T14:22:15+00:00\" \/>\n\t\t<meta property=\"article:modified_time\" content=\"2013-03-13T14:22:15+00:00\" \/>\n\t\t<meta name=\"twitter:card\" content=\"summary\" \/>\n\t\t<meta name=\"twitter:title\" content=\"Eric modele homme pour artistes | Funiculart\" \/>\n\t\t<meta name=\"twitter:description\" content=\"Eric kiki567@free.fr Je pose comme mod\u00e8le, je suis un homme de 42 ans, mince, \u00e9pil\u00e9. Je pose pour nus softs. Je mesure 1m75 pour 60 kg et suis en attente de toutes propositions s\u00e9rieuses en France (suis de la r\u00e9gion parisienne : les Yvelines 78).\" \/>\n\t\t<script type=\"application\/ld+json\" class=\"aioseo-schema\">\n\t\t\t{\"@context\":\"https:\\\/\\\/schema.org\",\"@graph\":[{\"@type\":\"BreadcrumbList\",\"@id\":\"https:\\\/\\\/www.funiculart.fr\\\/ressources\\\/eric-modele-homme-pour-artistes\\\/#breadcrumblist\",\"itemListElement\":[{\"@type\":\"ListItem\",\"@id\":\"https:\\\/\\\/www.funiculart.fr\\\/ressources#listItem\",\"position\":1,\"name\":\"Home\",\"item\":\"https:\\\/\\\/www.funiculart.fr\\\/ressources\",\"nextItem\":{\"@type\":\"ListItem\",\"@id\":\"https:\\\/\\\/www.funiculart.fr\\\/ressources\\\/eric-modele-homme-pour-artistes\\\/#listItem\",\"name\":\"Eric modele homme pour artistes\"}},{\"@type\":\"ListItem\",\"@id\":\"https:\\\/\\\/www.funiculart.fr\\\/ressources\\\/eric-modele-homme-pour-artistes\\\/#listItem\",\"position\":2,\"name\":\"Eric modele homme pour artistes\",\"previousItem\":{\"@type\":\"ListItem\",\"@id\":\"https:\\\/\\\/www.funiculart.fr\\\/ressources#listItem\",\"name\":\"Home\"}}]},{\"@type\":\"Organization\",\"@id\":\"https:\\\/\\\/www.funiculart.fr\\\/ressources\\\/#organization\",\"name\":\"Jean-Marc Denecker\",\"description\":\"Ressources pour artistes du Nord Pas-de-Calais et Picardie\",\"url\":\"https:\\\/\\\/www.funiculart.fr\\\/ressources\\\/\",\"logo\":{\"@type\":\"ImageObject\",\"url\":\"https:\\\/\\\/www.funiculart.fr\\\/ressources\\\/wp-content\\\/uploads\\\/2022\\\/11\\\/funiculart.png\",\"@id\":\"https:\\\/\\\/www.funiculart.fr\\\/ressources\\\/eric-modele-homme-pour-artistes\\\/#organizationLogo\",\"width\":112,\"height\":112},\"image\":{\"@id\":\"https:\\\/\\\/www.funiculart.fr\\\/ressources\\\/eric-modele-homme-pour-artistes\\\/#organizationLogo\"}},{\"@type\":\"WebPage\",\"@id\":\"https:\\\/\\\/www.funiculart.fr\\\/ressources\\\/eric-modele-homme-pour-artistes\\\/#webpage\",\"url\":\"https:\\\/\\\/www.funiculart.fr\\\/ressources\\\/eric-modele-homme-pour-artistes\\\/\",\"name\":\"Eric modele homme pour artistes | Funiculart\",\"description\":\"Eric kiki567@free.fr Je pose comme mod\\u00e8le, je suis un homme de 42 ans, mince, \\u00e9pil\\u00e9. Je pose pour nus softs. Je mesure 1m75 pour 60 kg et suis en attente de toutes propositions s\\u00e9rieuses en France (suis de la r\\u00e9gion parisienne : les Yvelines 78).\",\"inLanguage\":\"fr-FR\",\"isPartOf\":{\"@id\":\"https:\\\/\\\/www.funiculart.fr\\\/ressources\\\/#website\"},\"breadcrumb\":{\"@id\":\"https:\\\/\\\/www.funiculart.fr\\\/ressources\\\/eric-modele-homme-pour-artistes\\\/#breadcrumblist\"},\"datePublished\":\"2013-03-13T16:22:15+02:00\",\"dateModified\":\"2013-03-13T16:22:15+02:00\"},{\"@type\":\"WebSite\",\"@id\":\"https:\\\/\\\/www.funiculart.fr\\\/ressources\\\/#website\",\"url\":\"https:\\\/\\\/www.funiculart.fr\\\/ressources\\\/\",\"name\":\"Funiculart : Cours de dessins, sculpture, expositions\",\"alternateName\":\"Ressources pour artistes\",\"description\":\"Ressources pour artistes du Nord Pas-de-Calais et Picardie\",\"inLanguage\":\"fr-FR\",\"publisher\":{\"@id\":\"https:\\\/\\\/www.funiculart.fr\\\/ressources\\\/#organization\"}}]}\n\t\t<\/script>\n\t\t<!-- All in One SEO -->\n\n","aioseo_head_json":{"title":"Eric modele homme pour artistes | Funiculart","description":"Eric kiki567@free.fr Je pose comme mod\u00e8le, je suis un homme de 42 ans, mince, \u00e9pil\u00e9. Je pose pour nus softs. Je mesure 1m75 pour 60 kg et suis en attente de toutes propositions s\u00e9rieuses en France (suis de la r\u00e9gion parisienne : les Yvelines 78).","canonical_url":"https:\/\/www.funiculart.fr\/ressources\/eric-modele-homme-pour-artistes\/","robots":"max-image-preview:large","keywords":"","webmasterTools":{"miscellaneous":""},"schema":{"@context":"https:\/\/schema.org","@graph":[{"@type":"BreadcrumbList","@id":"https:\/\/www.funiculart.fr\/ressources\/eric-modele-homme-pour-artistes\/#breadcrumblist","itemListElement":[{"@type":"ListItem","@id":"https:\/\/www.funiculart.fr\/ressources#listItem","position":1,"name":"Home","item":"https:\/\/www.funiculart.fr\/ressources","nextItem":{"@type":"ListItem","@id":"https:\/\/www.funiculart.fr\/ressources\/eric-modele-homme-pour-artistes\/#listItem","name":"Eric modele homme pour artistes"}},{"@type":"ListItem","@id":"https:\/\/www.funiculart.fr\/ressources\/eric-modele-homme-pour-artistes\/#listItem","position":2,"name":"Eric modele homme pour artistes","previousItem":{"@type":"ListItem","@id":"https:\/\/www.funiculart.fr\/ressources#listItem","name":"Home"}}]},{"@type":"Organization","@id":"https:\/\/www.funiculart.fr\/ressources\/#organization","name":"Jean-Marc Denecker","description":"Ressources pour artistes du Nord Pas-de-Calais et Picardie","url":"https:\/\/www.funiculart.fr\/ressources\/","logo":{"@type":"ImageObject","url":"https:\/\/www.funiculart.fr\/ressources\/wp-content\/uploads\/2022\/11\/funiculart.png","@id":"https:\/\/www.funiculart.fr\/ressources\/eric-modele-homme-pour-artistes\/#organizationLogo","width":112,"height":112},"image":{"@id":"https:\/\/www.funiculart.fr\/ressources\/eric-modele-homme-pour-artistes\/#organizationLogo"}},{"@type":"WebPage","@id":"https:\/\/www.funiculart.fr\/ressources\/eric-modele-homme-pour-artistes\/#webpage","url":"https:\/\/www.funiculart.fr\/ressources\/eric-modele-homme-pour-artistes\/","name":"Eric modele homme pour artistes | Funiculart","description":"Eric kiki567@free.fr Je pose comme mod\u00e8le, je suis un homme de 42 ans, mince, \u00e9pil\u00e9. Je pose pour nus softs. Je mesure 1m75 pour 60 kg et suis en attente de toutes propositions s\u00e9rieuses en France (suis de la r\u00e9gion parisienne : les Yvelines 78).","inLanguage":"fr-FR","isPartOf":{"@id":"https:\/\/www.funiculart.fr\/ressources\/#website"},"breadcrumb":{"@id":"https:\/\/www.funiculart.fr\/ressources\/eric-modele-homme-pour-artistes\/#breadcrumblist"},"datePublished":"2013-03-13T16:22:15+02:00","dateModified":"2013-03-13T16:22:15+02:00"},{"@type":"WebSite","@id":"https:\/\/www.funiculart.fr\/ressources\/#website","url":"https:\/\/www.funiculart.fr\/ressources\/","name":"Funiculart : Cours de dessins, sculpture, expositions","alternateName":"Ressources pour artistes","description":"Ressources pour artistes du Nord Pas-de-Calais et Picardie","inLanguage":"fr-FR","publisher":{"@id":"https:\/\/www.funiculart.fr\/ressources\/#organization"}}]},"og:locale":"fr_FR","og:site_name":"Funiculart \u2013 Ressources pour artistes du Nord Pas-de-Calais et Picardie","og:type":"article","og:title":"Eric modele homme pour artistes | Funiculart","og:description":"Eric kiki567@free.fr Je pose comme mod\u00e8le, je suis un homme de 42 ans, mince, \u00e9pil\u00e9. Je pose pour nus softs. Je mesure 1m75 pour 60 kg et suis en attente de toutes propositions s\u00e9rieuses en France (suis de la r\u00e9gion parisienne : les Yvelines 78).","og:url":"https:\/\/www.funiculart.fr\/ressources\/eric-modele-homme-pour-artistes\/","article:published_time":"2013-03-13T14:22:15+00:00","article:modified_time":"2013-03-13T14:22:15+00:00","twitter:card":"summary","twitter:title":"Eric modele homme pour artistes | Funiculart","twitter:description":"Eric kiki567@free.fr Je pose comme mod\u00e8le, je suis un homme de 42 ans, mince, \u00e9pil\u00e9. Je pose pour nus softs. Je mesure 1m75 pour 60 kg et suis en attente de toutes propositions s\u00e9rieuses en France (suis de la r\u00e9gion parisienne : les Yvelines 78)."},"aioseo_meta_data":{"post_id":"594","title":null,"description":null,"keywords":null,"keyphrases":null,"primary_term":null,"canonical_url":null,"og_title":null,"og_description":null,"og_object_type":"default","og_image_type":"default","og_image_url":null,"og_image_width":null,"og_image_height":null,"og_image_custom_url":null,"og_image_custom_fields":null,"og_video":null,"og_custom_url":null,"og_article_section":null,"og_article_tags":null,"twitter_use_og":false,"twitter_card":"default","twitter_image_type":"default","twitter_image_url":null,"twitter_image_custom_url":null,"twitter_image_custom_fields":null,"twitter_title":null,"twitter_description":null,"schema":{"blockGraphs":[],"customGraphs":[],"default":{"data":{"Article":[],"Course":[],"Dataset":[],"FAQPage":[],"Movie":[],"Person":[],"Product":[],"ProductReview":[],"Car":[],"Recipe":[],"Service":[],"SoftwareApplication":[],"WebPage":[]},"graphName":"","isEnabled":true},"graphs":[]},"schema_type":null,"schema_type_options":null,"pillar_content":false,"robots_default":true,"robots_noindex":false,"robots_noarchive":false,"robots_nosnippet":false,"robots_nofollow":false,"robots_noimageindex":false,"robots_noodp":false,"robots_notranslate":false,"robots_max_snippet":null,"robots_max_videopreview":null,"robots_max_imagepreview":"large","priority":null,"frequency":null,"location":null,"local_seo":null,"breadcrumb_settings":null,"limit_modified_date":false,"ai":null,"created":"2021-01-18 12:16:17","updated":"2025-06-04 00:21:01","seo_analyzer_scan_date":null,"focus_keyword":null,"additional_keywords":null,"truseo_locale":null},"aioseo_breadcrumb":"<div class=\"aioseo-breadcrumbs\"><span class=\"aioseo-breadcrumb\">\n\t\t\t<a href=\"https:\/\/www.funiculart.fr\/ressources\" title=\"Home\">Home<\/a>\n\t\t<\/span><span class=\"aioseo-breadcrumb-separator\">&raquo;<\/span><span class=\"aioseo-breadcrumb\">\n\t\t\tEric modele homme pour artistes\n\t\t<\/span><\/div>","aioseo_breadcrumb_json":[{"label":"Home","link":"https:\/\/www.funiculart.fr\/ressources"},{"label":"Eric modele homme pour artistes","link":"https:\/\/www.funiculart.fr\/ressources\/eric-modele-homme-pour-artistes\/"}],"_links":{"self":[{"href":"https:\/\/www.funiculart.fr\/ressources\/wp-json\/wp\/v2\/pages\/594","targetHints":{"allow":["GET"]}}],"collection":[{"href":"https:\/\/www.funiculart.fr\/ressources\/wp-json\/wp\/v2\/pages"}],"about":[{"href":"https:\/\/www.funiculart.fr\/ressources\/wp-json\/wp\/v2\/types\/page"}],"author":[{"embeddable":true,"href":"https:\/\/www.funiculart.fr\/ressources\/wp-json\/wp\/v2\/users\/1"}],"replies":[{"embeddable":true,"href":"https:\/\/www.funiculart.fr\/ressources\/wp-json\/wp\/v2\/comments?post=594"}],"version-history":[{"count":0,"href":"https:\/\/www.funiculart.fr\/ressources\/wp-json\/wp\/v2\/pages\/594\/revisions"}],"wp:attachment":[{"href":"https:\/\/www.funiculart.fr\/ressources\/wp-json\/wp\/v2\/media?parent=594"}],"curies":[{"name":"wp","href":"https:\/\/api.w.org\/{rel}","templated":true}]}}

<p>Eric <a href="mailto:kiki567@free.fr">kiki567@free.fr</a></p>
<p>Je pose comme modèle, je suis un homme de 42 ans, mince, épilé.</p>
<p>Je pose pour nus softs. Je mesure 1m75 pour 60 kg et suis en attente de toutes propositions sérieuses en France (suis de la région parisienne : les Yvelines 78).</p>
<p><img loading="lazy" decoding="async" class="aligncenter size-full wp-image-595" alt="Abstraction-du-corps-klaus-kampert5-300x300" src="https://www.funiculart.fr/ressources/wp-content/uploads/2013/03/Abstraction-du-corps-klaus-kampert5-300x300.jpg" width="300" height="300" srcset="https://www.funiculart.fr/ressources/wp-content/uploads/2013/03/Abstraction-du-corps-klaus-kampert5-300x300.jpg 300w, https://www.funiculart.fr/ressources/wp-content/uploads/2013/03/Abstraction-du-corps-klaus-kampert5-300x300-150x150.jpg 150w" sizes="auto, (max-width: 300px) 100vw, 300px" /></p>

<p>Eric kiki567@free.fr Je pose comme modèle, je suis un homme de 42 ans, mince, épilé. Je pose pour nus softs. Je mesure 1m75 pour 60 kg et suis en attente de toutes propositions sérieuses en France (suis de la région parisienne : les Yvelines 78).</p>

<!-- All in One SEO 5.0.1.1 - aioseo.com -->
	<meta name="description" content="Eric kiki567@free.fr Je pose comme modèle, je suis un homme de 42 ans, mince, épilé. Je pose pour nus softs. Je mesure 1m75 pour 60 kg et suis en attente de toutes propositions sérieuses en France (suis de la région parisienne : les Yvelines 78)." />
	<meta name="robots" content="max-image-preview:large" />
	<link rel="canonical" href="https://www.funiculart.fr/ressources/eric-modele-homme-pour-artistes/" />
	<meta name="generator" content="All in One SEO (AIOSEO) 5.0.1.1" />
		<meta property="og:locale" content="fr_FR" />
		<meta property="og:site_name" content="Funiculart – Ressources pour artistes du Nord Pas-de-Calais et Picardie" />
		<meta property="og:type" content="article" />
		<meta property="og:title" content="Eric modele homme pour artistes | Funiculart" />
		<meta property="og:description" content="Eric kiki567@free.fr Je pose comme modèle, je suis un homme de 42 ans, mince, épilé. Je pose pour nus softs. Je mesure 1m75 pour 60 kg et suis en attente de toutes propositions sérieuses en France (suis de la région parisienne : les Yvelines 78)." />
		<meta property="og:url" content="https://www.funiculart.fr/ressources/eric-modele-homme-pour-artistes/" />
		<meta property="article:published_time" content="2013-03-13T14:22:15+00:00" />
		<meta property="article:modified_time" content="2013-03-13T14:22:15+00:00" />
		<meta name="twitter:card" content="summary" />
		<meta name="twitter:title" content="Eric modele homme pour artistes | Funiculart" />
		<meta name="twitter:description" content="Eric kiki567@free.fr Je pose comme modèle, je suis un homme de 42 ans, mince, épilé. Je pose pour nus softs. Je mesure 1m75 pour 60 kg et suis en attente de toutes propositions sérieuses en France (suis de la région parisienne : les Yvelines 78)." />
		<script type="application/ld+json" class="aioseo-schema">
			{"@context":"https:\/\/schema.org","@graph":[{"@type":"BreadcrumbList","@id":"https:\/\/www.funiculart.fr\/ressources\/eric-modele-homme-pour-artistes\/#breadcrumblist","itemListElement":[{"@type":"ListItem","@id":"https:\/\/www.funiculart.fr\/ressources#listItem","position":1,"name":"Home","item":"https:\/\/www.funiculart.fr\/ressources","nextItem":{"@type":"ListItem","@id":"https:\/\/www.funiculart.fr\/ressources\/eric-modele-homme-pour-artistes\/#listItem","name":"Eric modele homme pour artistes"}},{"@type":"ListItem","@id":"https:\/\/www.funiculart.fr\/ressources\/eric-modele-homme-pour-artistes\/#listItem","position":2,"name":"Eric modele homme pour artistes","previousItem":{"@type":"ListItem","@id":"https:\/\/www.funiculart.fr\/ressources#listItem","name":"Home"}}]},{"@type":"Organization","@id":"https:\/\/www.funiculart.fr\/ressources\/#organization","name":"Jean-Marc Denecker","description":"Ressources pour artistes du Nord Pas-de-Calais et Picardie","url":"https:\/\/www.funiculart.fr\/ressources\/","logo":{"@type":"ImageObject","url":"https:\/\/www.funiculart.fr\/ressources\/wp-content\/uploads\/2022\/11\/funiculart.png","@id":"https:\/\/www.funiculart.fr\/ressources\/eric-modele-homme-pour-artistes\/#organizationLogo","width":112,"height":112},"image":{"@id":"https:\/\/www.funiculart.fr\/ressources\/eric-modele-homme-pour-artistes\/#organizationLogo"}},{"@type":"WebPage","@id":"https:\/\/www.funiculart.fr\/ressources\/eric-modele-homme-pour-artistes\/#webpage","url":"https:\/\/www.funiculart.fr\/ressources\/eric-modele-homme-pour-artistes\/","name":"Eric modele homme pour artistes | Funiculart","description":"Eric kiki567@free.fr Je pose comme mod\u00e8le, je suis un homme de 42 ans, mince, \u00e9pil\u00e9. Je pose pour nus softs. Je mesure 1m75 pour 60 kg et suis en attente de toutes propositions s\u00e9rieuses en France (suis de la r\u00e9gion parisienne : les Yvelines 78).","inLanguage":"fr-FR","isPartOf":{"@id":"https:\/\/www.funiculart.fr\/ressources\/#website"},"breadcrumb":{"@id":"https:\/\/www.funiculart.fr\/ressources\/eric-modele-homme-pour-artistes\/#breadcrumblist"},"datePublished":"2013-03-13T16:22:15+02:00","dateModified":"2013-03-13T16:22:15+02:00"},{"@type":"WebSite","@id":"https:\/\/www.funiculart.fr\/ressources\/#website","url":"https:\/\/www.funiculart.fr\/ressources\/","name":"Funiculart : Cours de dessins, sculpture, expositions","alternateName":"Ressources pour artistes","description":"Ressources pour artistes du Nord Pas-de-Calais et Picardie","inLanguage":"fr-FR","publisher":{"@id":"https:\/\/www.funiculart.fr\/ressources\/#organization"}}]}
		</script>
		<!-- All in One SEO -->

Eric kiki567@free.fr Je pose comme modèle, je suis un homme de 42 ans, mince, épilé. Je pose pour nus softs. Je mesure 1m75 pour 60 kg et suis en attente de toutes propositions sérieuses en France (suis de la région parisienne : les Yvelines 78).
