{"id":511,"date":"2013-01-11T12:40:13","date_gmt":"2013-01-11T10:40:13","guid":{"rendered":"https:\/\/www.funiculart.fr\/ressources\/?page_id=511"},"modified":"2013-07-19T10:35:58","modified_gmt":"2013-07-19T08:35:58","slug":"modele-en-belgique","status":"publish","type":"page","link":"https:\/\/www.funiculart.fr\/ressources\/modele-en-belgique\/","title":{"rendered":"Mod\u00e8le en Belgique"},"content":{"rendered":"<p>GEORGES <a href=\"mailto:traduob@yahoo.fr\">traduob@yahoo.fr<\/a>&gt;<\/p>\n<p>Bonjour, je suis mod\u00e8le masculin en Belgique, 1m80, 82 kg, la quarantaine, habitu\u00e9 \u00e0 poser nu en acad\u00e9mie, \u00e9tudie toutes propositions int\u00e9ressantes. Je peux me d\u00e9placer un jour, une semaine ou plus, en Belgique, France, Hollande, Luxembourg, etc&#8230; Je demande les frais de transports, une chambre pour loger, et toutes les heures de pose : 8 euros; vous pouvez me contactez en Belgique : 32493527991, merci<br \/>\n<!-- Rendered by FancyBox without labels BEGIN -->\n\n\t<style type=\"text\/css\">\n\t\t\t\t\t#gallery-0 {\n\t\t\t\t\t\tmargin: auto;\n\t\t\t\t\t}\n\t\t\t\t\t#gallery-0 .gallery-item {\n\t\t\t\t\t\tfloat: left;\n\t\t\t\t\t\tmargin-top: 10px;\n\t\t\t\t\t\ttext-align: center;\n\t\t\t\t\t\twidth: 32%;\n\t\t\t\t\t}\n\t\t\t\t\t#gallery-0 img {\n\t\t\t\t\t\tborder: 2px solid #cfcfcf;\n\t\t\t\t\t}\n\t\t\t\t\t#gallery-0 .gallery-caption {\n\t\t\t\t\t\tmargin-left: 0;\n\t\t\t\t\t}\n\t<\/style>\n<script type=\"text\/javascript\">\n$(document).ready(function() {\n\t\/*\n\t *  Simple image gallery. Uses default settings\n\t *\/\n\n\t$(\".fancybox\").fancybox({\n\t\t\"transitionIn\"\t\t: \"none\",\n\t\t\"transitionOut\"\t\t: \"none\",\n\t\t\"titlePosition\" \t: \"over\"\n\n\t});\n});\n<\/script>\n\n\t<div id=\"gallery-0\" class=\"gallery galleryid-0 gallery-size-thumbnail\" style=\"\"><dl class=\"gallery-item\"><dt class=\"gallery-icon\">\n\t\t<a class=\"fancybox\" href=\"https:\/\/www.funiculart.fr\/ressources\/wp-content\/uploads\/2013\/01\/Image251.jpg\" rel=\"gallery-0\"><img loading=\"lazy\" decoding=\"async\" width=\"150\" height=\"240\" class=\"attachment-thumbnail\" alt=\"\" src=\"https:\/\/www.funiculart.fr\/ressources\/wp-content\/uploads\/2013\/01\/Image251-150x240.jpg\" \/><\/a><\/dt><\/dl>\n\n<dl class=\"gallery-item\"><dt class=\"gallery-icon\">\n\t\t<a class=\"fancybox\" href=\"https:\/\/www.funiculart.fr\/ressources\/wp-content\/uploads\/2013\/01\/Image52.jpg\" rel=\"gallery-0\"><img loading=\"lazy\" decoding=\"async\" width=\"150\" height=\"240\" class=\"attachment-thumbnail\" alt=\"\" src=\"https:\/\/www.funiculart.fr\/ressources\/wp-content\/uploads\/2013\/01\/Image52-150x240.jpg\" \/><\/a><\/dt><\/dl>\n\n<\/div><br clear=\"all\" \/><!-- Rendered by FancyBox without labels END -->\n<\/p>\n","protected":false},"excerpt":{"rendered":"<p>GEORGES traduob@yahoo.fr&gt; Bonjour, je suis mod\u00e8le masculin en Belgique, 1m80, 82 kg, la quarantaine, habitu\u00e9 \u00e0 poser nu en acad\u00e9mie, \u00e9tudie toutes propositions int\u00e9ressantes. Je peux me d\u00e9placer un jour, une semaine ou plus, en Belgique, France, Hollande, Luxembourg, etc&#8230; Je demande les frais de transports, une chambre pour loger, et toutes les heures de [&hellip;]<\/p>\n","protected":false},"author":1,"featured_media":0,"parent":0,"menu_order":0,"comment_status":"open","ping_status":"open","template":"","meta":{"footnotes":""},"class_list":["post-511","page","type-page","status-publish","hentry"],"aioseo_notices":[],"_links":{"self":[{"href":"https:\/\/www.funiculart.fr\/ressources\/wp-json\/wp\/v2\/pages\/511","targetHints":{"allow":["GET"]}}],"collection":[{"href":"https:\/\/www.funiculart.fr\/ressources\/wp-json\/wp\/v2\/pages"}],"about":[{"href":"https:\/\/www.funiculart.fr\/ressources\/wp-json\/wp\/v2\/types\/page"}],"author":[{"embeddable":true,"href":"https:\/\/www.funiculart.fr\/ressources\/wp-json\/wp\/v2\/users\/1"}],"replies":[{"embeddable":true,"href":"https:\/\/www.funiculart.fr\/ressources\/wp-json\/wp\/v2\/comments?post=511"}],"version-history":[{"count":0,"href":"https:\/\/www.funiculart.fr\/ressources\/wp-json\/wp\/v2\/pages\/511\/revisions"}],"wp:attachment":[{"href":"https:\/\/www.funiculart.fr\/ressources\/wp-json\/wp\/v2\/media?parent=511"}],"curies":[{"name":"wp","href":"https:\/\/api.w.org\/{rel}","templated":true}]}}

Modèle en Belgique

<p>GEORGES <a href="mailto:traduob@yahoo.fr">traduob@yahoo.fr</a>&gt;</p>
<p>Bonjour, je suis modèle masculin en Belgique, 1m80, 82 kg, la quarantaine, habitué à poser nu en académie, étudie toutes propositions intéressantes. Je peux me déplacer un jour, une semaine ou plus, en Belgique, France, Hollande, Luxembourg, etc&#8230; Je demande les frais de transports, une chambre pour loger, et toutes les heures de pose : 8 euros; vous pouvez me contactez en Belgique : 32493527991, merci<br />
<!-- Rendered by FancyBox without labels BEGIN -->

	<style type="text/css">
					#gallery-0 {
						margin: auto;
					}
					#gallery-0 .gallery-item {
						float: left;
						margin-top: 10px;
						text-align: center;
						width: 32%;
					}
					#gallery-0 img {
						border: 2px solid #cfcfcf;
					}
					#gallery-0 .gallery-caption {
						margin-left: 0;
					}
	</style>
<script type="text/javascript">
$(document).ready(function() {
	/*
	 *  Simple image gallery. Uses default settings
	 */

	$(".fancybox").fancybox({
		"transitionIn"		: "none",
		"transitionOut"		: "none",
		"titlePosition" 	: "over"

	});
});
</script>

	<div id="gallery-0" class="gallery galleryid-0 gallery-size-thumbnail" style=""><dl class="gallery-item"><dt class="gallery-icon">
		<a class="fancybox" href="https://www.funiculart.fr/ressources/wp-content/uploads/2013/01/Image251.jpg" rel="gallery-0"><img loading="lazy" decoding="async" width="150" height="240" class="attachment-thumbnail" alt="" src="https://www.funiculart.fr/ressources/wp-content/uploads/2013/01/Image251-150x240.jpg" /></a></dt></dl>

<dl class="gallery-item"><dt class="gallery-icon">
		<a class="fancybox" href="https://www.funiculart.fr/ressources/wp-content/uploads/2013/01/Image52.jpg" rel="gallery-0"><img loading="lazy" decoding="async" width="150" height="240" class="attachment-thumbnail" alt="" src="https://www.funiculart.fr/ressources/wp-content/uploads/2013/01/Image52-150x240.jpg" /></a></dt></dl>

</div><br clear="all" /><!-- Rendered by FancyBox without labels END -->
</p>

<p>GEORGES traduob@yahoo.fr&gt; Bonjour, je suis modèle masculin en Belgique, 1m80, 82 kg, la quarantaine, habitué à poser nu en académie, étudie toutes propositions intéressantes. Je peux me déplacer un jour, une semaine ou plus, en Belgique, France, Hollande, Luxembourg, etc&#8230; Je demande les frais de transports, une chambre pour loger, et toutes les heures de [&hellip;]</p>
