{"id":3957,"date":"2022-11-04T11:45:48","date_gmt":"2022-11-04T09:45:48","guid":{"rendered":"https:\/\/www.funiculart.fr\/ressources\/?page_id=3957"},"modified":"2026-03-17T10:40:05","modified_gmt":"2026-03-17T08:40:05","slug":"artistes-cherchent-modeles-hauts-de-france-et-belgique","status":"publish","type":"page","link":"https:\/\/www.funiculart.fr\/ressources\/artistes-cherchent-modeles-hauts-de-france-et-belgique\/","title":{"rendered":"Artistes cherchent mod\u00e8les Hauts-de-France et Belgique"},"content":{"rendered":"<h2>Artistes peintres, sculpteurs et photographes cherchent mod\u00e8les en r\u00e9gion Hauts-de-France et Belgique :<\/h2>\n<p>Funiculart se veut un site de ressources compl\u00e9mentaire au site Art en Nord. En ce sens nous proposons, \u00e0 l&rsquo;instar de notre partenaire, un service r\u00e9gional. Voici une liste des Artistes de notre r\u00e9gion qui recherchent des intervenant(e)s.<\/p>\n<p><a href=\"https:\/\/www.funiculart.fr\/ressources\/villeneuve-dascq-lille-atelier-cherche-modeles\/\">-L&rsquo;Atelier-2 association d&rsquo;arts plastiques, situ\u00e9e \u00e0 Villeneuve d&rsquo;Ascq, RECHERCHE pour nos ateliers adultes des MODELES VIVANTS.<\/a><\/p>\n<p><a title=\"ecole d'art de douai\" href=\"https:\/\/www.funiculart.fr\/ressources\/ecole-dart-de-douai\/\">-L\u2019\u00e9cole d\u2019Art de Douai recherche mod\u00e8les.<\/a><\/p>\n<p><a href=\"https:\/\/www.funiculart.fr\/ressources\/chantal-cheuva-cherche-modele-homme-ou-femme\/\">-Cherche mod\u00e8les H\/F : Chantal Cheuva.<\/a><\/p>\n<p><a href=\"https:\/\/www.funiculart.fr\/ressources\/didier-paigneau-recherche-un-modele-dans-loise\/\">-Didier Paigneau (c\u00e9ramiste) recherche un\/une mod\u00e8le dans l\u2019Oise.<\/a><\/p>\n<p><a href=\"https:\/\/www.funiculart.fr\/ressources\/romon-annoeullin\/\">-Romon \u00e0 Annoeullin cherche mod\u00e8le.<\/a><\/p>\n<p><a href=\"https:\/\/www.funiculart.fr\/ressources\/atelier-de-pratiques-artistiques-de-maubeuge-recherche-un-ou-des-modeles\/\">-Cherche mod\u00e8les H\/F : Atelier artistique de Maubeuge<\/a>.<\/p>\n<p><a href=\"https:\/\/www.funiculart.fr\/ressources\/cherche-modeles-h-ou-f-region-de-maubeuge-hugo-laruelle-peintre\/\">-Cherche mod\u00e8les H\/F : Hugo Laruelle, artiste peintre (lieu a d\u00e9finir).<\/a><\/p>\n<p><a href=\"https:\/\/www.funiculart.fr\/ressources\/artiste-cherche-modele-sur-amiens\/\">-Cherche modele femme sur Amiens.<\/a><\/p>\n<p><a href=\"https:\/\/www.funiculart.fr\/ressources\/cherche-modeles-pour-poser-dans-le-nord\/\">-Cherche filles pour repr\u00e9senter la marque CS (couteaux).<\/a><\/p>\n<p><a href=\"https:\/\/www.funiculart.fr\/ressources\/cherche-modele-pour-moulage-buste\/\">-Cherche mod\u00e8le pour mouler un buste.<\/a><\/p>\n<p><a href=\"https:\/\/www.funiculart.fr\/ressources\/marlene-sur-paris-et-loiret\/\">-Cherche mod\u00e8le pour groupe artistique Dunkerque.<\/a><\/p>\n<p><a href=\"https:\/\/www.funiculart.fr\/ressources\/gendret-jean-pierre-cherche-egerie-sur-amiens\/\">-Gendret jean-pierre cherche \u00e9g\u00e9rie sur Amiens.<\/a><\/p>\n<p><a href=\"https:\/\/www.funiculart.fr\/ressources\/michel-alexandre-neuwels-recherche-modele-feminin\/\">-Michel Alexandre Neuwels recherche mod\u00e8les f\u00e9minins dans le Brabant Wallon (Belgique)<\/a>.<\/p>\n<p><a href=\"https:\/\/www.funiculart.fr\/ressources\/marc-devaux\/\">-Marc Devaux propose un \u00e9change de poses ! (Belgique)<\/a><\/p>\n<p><a href=\"https:\/\/www.funiculart.fr\/ressources\/cherche-modele-feminin-baie-de-somme-80\/\">-Loopa cherche mod\u00e8le feminin en Baie-de-Somme 80<\/a><\/p>\n","protected":false},"excerpt":{"rendered":"<p>Artistes peintres, sculpteurs et photographes cherchent mod\u00e8les en r\u00e9gion Hauts-de-France et Belgique : Funiculart se veut un site de ressources compl\u00e9mentaire au site Art en Nord. En ce sens nous proposons, \u00e0 l&rsquo;instar de notre partenaire, un service r\u00e9gional. Voici une liste des Artistes de notre r\u00e9gion qui recherchent des intervenant(e)s. -L&rsquo;Atelier-2 association d&rsquo;arts plastiques, [&hellip;]<\/p>\n","protected":false},"author":1,"featured_media":0,"parent":0,"menu_order":0,"comment_status":"closed","ping_status":"closed","template":"","meta":{"footnotes":""},"class_list":["post-3957","page","type-page","status-publish","hentry"],"aioseo_notices":[],"_links":{"self":[{"href":"https:\/\/www.funiculart.fr\/ressources\/wp-json\/wp\/v2\/pages\/3957","targetHints":{"allow":["GET"]}}],"collection":[{"href":"https:\/\/www.funiculart.fr\/ressources\/wp-json\/wp\/v2\/pages"}],"about":[{"href":"https:\/\/www.funiculart.fr\/ressources\/wp-json\/wp\/v2\/types\/page"}],"author":[{"embeddable":true,"href":"https:\/\/www.funiculart.fr\/ressources\/wp-json\/wp\/v2\/users\/1"}],"replies":[{"embeddable":true,"href":"https:\/\/www.funiculart.fr\/ressources\/wp-json\/wp\/v2\/comments?post=3957"}],"version-history":[{"count":4,"href":"https:\/\/www.funiculart.fr\/ressources\/wp-json\/wp\/v2\/pages\/3957\/revisions"}],"predecessor-version":[{"id":4238,"href":"https:\/\/www.funiculart.fr\/ressources\/wp-json\/wp\/v2\/pages\/3957\/revisions\/4238"}],"wp:attachment":[{"href":"https:\/\/www.funiculart.fr\/ressources\/wp-json\/wp\/v2\/media?parent=3957"}],"curies":[{"name":"wp","href":"https:\/\/api.w.org\/{rel}","templated":true}]}}