{"id":3949,"date":"2022-11-04T09:45:28","date_gmt":"2022-11-04T07:45:28","guid":{"rendered":"https:\/\/www.funiculart.fr\/ressources\/?page_id=3949"},"modified":"2022-11-04T09:45:28","modified_gmt":"2022-11-04T07:45:28","slug":"artiste-plasticien-peintre-sculpteur-et-photographe-recherche-un-modele-paris-15e","status":"publish","type":"page","link":"https:\/\/www.funiculart.fr\/ressources\/artiste-plasticien-peintre-sculpteur-et-photographe-recherche-un-modele-paris-15e\/","title":{"rendered":"Artiste plasticien, peintre, sculpteur et photographe recherche un mod\u00e8le Paris 15e"},"content":{"rendered":"<p>Nicolas Mocan &lt;<a href=\"mailto:mocan@club-internet.fr\" target=\"_blank\" rel=\"noopener\">mocan@club-internet.fr<\/a>&gt;<\/p>\n<p>Bonjour,<br \/>\nArtiste plasticien, peintre, sculpteur et photographe, recherche un mod\u00e8le, pour pose dans son atelier, sur le 15e, \u00e0 Paris, pour r\u00e9alisation des plusieurs projets artistiques. Pose de nu, peinture ou modelage.<br \/>\nType recherch\u00e9, sensuelle, avec des formes tout en ayant une tonicit\u00e9 un peu sportive et une poitrine g\u00e9n\u00e9reuse ; un mod\u00e8le \u00ab\u00a0\u00e0 l&rsquo;ancienne\u00a0\u00bb.<br \/>\nLes images post\u00e9es ci-dessous vous donneront une id\u00e9e de ma recherche.<br \/>\n&gt;Le site Web de <a href=\"http:\/\/www.mocan-nicolas.com\/\">Nicolas Mocan<\/a><\/p>\n<!-- Rendered by FancyBox without labels BEGIN -->\n\n\t<style type=\"text\/css\">\n\t\t\t\t\t#gallery-0 {\n\t\t\t\t\t\tmargin: auto;\n\t\t\t\t\t}\n\t\t\t\t\t#gallery-0 .gallery-item {\n\t\t\t\t\t\tfloat: left;\n\t\t\t\t\t\tmargin-top: 10px;\n\t\t\t\t\t\ttext-align: center;\n\t\t\t\t\t\twidth: 32%;\n\t\t\t\t\t}\n\t\t\t\t\t#gallery-0 img {\n\t\t\t\t\t\tborder: 2px solid #cfcfcf;\n\t\t\t\t\t}\n\t\t\t\t\t#gallery-0 .gallery-caption {\n\t\t\t\t\t\tmargin-left: 0;\n\t\t\t\t\t}\n\t<\/style>\n<script type=\"text\/javascript\">\n$(document).ready(function() {\n\t\/*\n\t *  Simple image gallery. Uses default settings\n\t *\/\n\n\t$(\".fancybox\").fancybox({\n\t\t\"transitionIn\"\t\t: \"none\",\n\t\t\"transitionOut\"\t\t: \"none\",\n\t\t\"titlePosition\" \t: \"over\"\n\n\t});\n});\n<\/script>\n\n\t<div id=\"gallery-0\" class=\"gallery galleryid-0 gallery-size-thumbnail\" style=\"\"><dl class=\"gallery-item\"><dt class=\"gallery-icon\">\n\t\t<a class=\"fancybox\" href=\"https:\/\/www.funiculart.fr\/ressources\/wp-content\/uploads\/2022\/11\/Nicolas-mocan-1.jpg\" rel=\"gallery-0\"><img loading=\"lazy\" decoding=\"async\" width=\"150\" height=\"300\" class=\"attachment-thumbnail\" alt=\"\" src=\"https:\/\/www.funiculart.fr\/ressources\/wp-content\/uploads\/2022\/11\/Nicolas-mocan-1-150x300.jpg\" \/><\/a><\/dt><\/dl>\n\n<dl class=\"gallery-item\"><dt class=\"gallery-icon\">\n\t\t<a class=\"fancybox\" href=\"https:\/\/www.funiculart.fr\/ressources\/wp-content\/uploads\/2022\/11\/Nicolas-mocan-2-576x1024.jpg\" rel=\"gallery-0\"><img loading=\"lazy\" decoding=\"async\" width=\"150\" height=\"300\" class=\"attachment-thumbnail\" alt=\"\" src=\"https:\/\/www.funiculart.fr\/ressources\/wp-content\/uploads\/2022\/11\/Nicolas-mocan-2-150x300.jpg\" \/><\/a><\/dt><\/dl>\n\n<dl class=\"gallery-item\"><dt class=\"gallery-icon\">\n\t\t<a class=\"fancybox\" href=\"https:\/\/www.funiculart.fr\/ressources\/wp-content\/uploads\/2022\/11\/Nicolas-mocan-3-576x1024.jpg\" rel=\"gallery-0\"><img loading=\"lazy\" decoding=\"async\" width=\"150\" height=\"300\" class=\"attachment-thumbnail\" alt=\"\" src=\"https:\/\/www.funiculart.fr\/ressources\/wp-content\/uploads\/2022\/11\/Nicolas-mocan-3-150x300.jpg\" \/><\/a><\/dt><\/dl>\n\n<dl class=\"gallery-item\"><dt class=\"gallery-icon\">\n\t\t<a class=\"fancybox\" href=\"https:\/\/www.funiculart.fr\/ressources\/wp-content\/uploads\/2022\/11\/piscine-verte-flottement-1024x638.jpg\" rel=\"gallery-0\"><img loading=\"lazy\" decoding=\"async\" width=\"150\" height=\"300\" class=\"attachment-thumbnail\" alt=\"\" src=\"https:\/\/www.funiculart.fr\/ressources\/wp-content\/uploads\/2022\/11\/piscine-verte-flottement-150x300.jpg\" \/><\/a><\/dt><\/dl>\n\n<dl class=\"gallery-item\"><dt class=\"gallery-icon\">\n\t\t<a class=\"fancybox\" href=\"https:\/\/www.funiculart.fr\/ressources\/wp-content\/uploads\/2022\/11\/piscine-verte-reflexion-1024x752.jpg\" rel=\"gallery-0\"><img loading=\"lazy\" decoding=\"async\" width=\"150\" height=\"300\" class=\"attachment-thumbnail\" alt=\"\" src=\"https:\/\/www.funiculart.fr\/ressources\/wp-content\/uploads\/2022\/11\/piscine-verte-reflexion-150x300.jpg\" \/><\/a><\/dt><\/dl>\n\n<\/div><br clear=\"all\" \/><!-- Rendered by FancyBox without labels END -->\n\n","protected":false},"excerpt":{"rendered":"<p>Nicolas Mocan &lt;mocan@club-internet.fr&gt; Bonjour, Artiste plasticien, peintre, sculpteur et photographe, recherche un mod\u00e8le, pour pose dans son atelier, sur le 15e, \u00e0 Paris, pour r\u00e9alisation des plusieurs projets artistiques. Pose de nu, peinture ou modelage. Type recherch\u00e9, sensuelle, avec des formes tout en ayant une tonicit\u00e9 un peu sportive et une poitrine g\u00e9n\u00e9reuse ; un [&hellip;]<\/p>\n","protected":false},"author":1,"featured_media":0,"parent":0,"menu_order":0,"comment_status":"closed","ping_status":"closed","template":"","meta":{"footnotes":""},"class_list":["post-3949","page","type-page","status-publish","hentry"],"aioseo_notices":[],"_links":{"self":[{"href":"https:\/\/www.funiculart.fr\/ressources\/wp-json\/wp\/v2\/pages\/3949","targetHints":{"allow":["GET"]}}],"collection":[{"href":"https:\/\/www.funiculart.fr\/ressources\/wp-json\/wp\/v2\/pages"}],"about":[{"href":"https:\/\/www.funiculart.fr\/ressources\/wp-json\/wp\/v2\/types\/page"}],"author":[{"embeddable":true,"href":"https:\/\/www.funiculart.fr\/ressources\/wp-json\/wp\/v2\/users\/1"}],"replies":[{"embeddable":true,"href":"https:\/\/www.funiculart.fr\/ressources\/wp-json\/wp\/v2\/comments?post=3949"}],"version-history":[{"count":1,"href":"https:\/\/www.funiculart.fr\/ressources\/wp-json\/wp\/v2\/pages\/3949\/revisions"}],"predecessor-version":[{"id":3955,"href":"https:\/\/www.funiculart.fr\/ressources\/wp-json\/wp\/v2\/pages\/3949\/revisions\/3955"}],"wp:attachment":[{"href":"https:\/\/www.funiculart.fr\/ressources\/wp-json\/wp\/v2\/media?parent=3949"}],"curies":[{"name":"wp","href":"https:\/\/api.w.org\/{rel}","templated":true}]}}