{"id":353,"date":"2012-09-21T11:51:50","date_gmt":"2012-09-21T09:51:50","guid":{"rendered":"https:\/\/www.funiculart.fr\/ressources\/?page_id=353"},"modified":"2021-03-11T12:38:42","modified_gmt":"2021-03-11T10:38:42","slug":"salles-dexposition-de-larsenal-de-maubeuge","status":"publish","type":"page","link":"https:\/\/www.funiculart.fr\/ressources\/salles-dexposition-de-larsenal-de-maubeuge\/","title":{"rendered":"Salles d&rsquo;exposition de L&rsquo;arsenal de Maubeuge"},"content":{"rendered":"<p><span style=\"color: #800000;\"><strong>OCTOBRE 2014 : ATTENTION : Les salles d&rsquo;expo de l&rsquo;Arsenal de Maubeuge sont ferm\u00e9es pour travaux pour une dur\u00e9e ind\u00e9termin\u00e9e.<\/strong><\/span><\/p>\n<p>C&rsquo;est un ensemble de 2 salles aux murs gris et panneaux blancs face au couloir qui m\u00e8ne \u00e0 la biblioth\u00e8que. Lorsque les portes s&rsquo;ouvrent, les bibliophiles deviennent des amateurs d&rsquo;art. L&rsquo;\u00e9clairage est bon dans l&rsquo;une des deux salles, les plafonds sont hauts, l&rsquo;accueil convivial, la surveillance est g\u00e9r\u00e9e par l&rsquo;artiste.<br \/>\nLe centre de l&rsquo;arsenal de Maubeuge regroupe un ensemble d&rsquo;activit\u00e9s culturelles mais plus pour longtemps&#8230; Il deviendra en 2015, un lieu culturel compl\u00e9tement r\u00e9nov\u00e9 pour accueillir les manifestations de \u00a0\u00bb Maubeuge capitale r\u00e9gionale de la culture\u00a0\u00bb et fermera bient\u00f4t ses portes pour travaux. Alors d\u00e9p\u00eachez \u00a0vous de contacter \u00a0\u00bb Maubeuge art et culture\u00a0\u00bb ( mairie de Maubeuge) \/ Adresse : Arsenal 14 rue de la Croix, Email : <a href=\"mailto:bibliotheque-arsenal@ville-maubeuge.fr\">bibliotheque-arsenal@ville-maubeuge.fr<\/a> et t\u00e9l\u00e9phone : 03 27 65 97 24<\/p>\n<p><img loading=\"lazy\" decoding=\"async\" class=\"aligncenter size-full wp-image-356\" title=\"l-Arsenal de maubeuge\" src=\"https:\/\/www.funiculart.fr\/ressources\/wp-content\/uploads\/2012\/09\/l-Arsenal1.jpg\" alt=\"\" width=\"600\" height=\"399\" srcset=\"https:\/\/www.funiculart.fr\/ressources\/wp-content\/uploads\/2012\/09\/l-Arsenal1.jpg 600w, https:\/\/www.funiculart.fr\/ressources\/wp-content\/uploads\/2012\/09\/l-Arsenal1-300x199.jpg 300w\" sizes=\"auto, (max-width: 600px) 100vw, 600px\" \/><\/p>\n<p>&nbsp;<\/p>\n<p>Lieu propos\u00e9 par Hugo Laruelle<\/p>\n","protected":false},"excerpt":{"rendered":"<p>OCTOBRE 2014 : ATTENTION : Les salles d&rsquo;expo de l&rsquo;Arsenal de Maubeuge sont ferm\u00e9es pour travaux pour une dur\u00e9e ind\u00e9termin\u00e9e. C&rsquo;est un ensemble de 2 salles aux murs gris et panneaux blancs face au couloir qui m\u00e8ne \u00e0 la biblioth\u00e8que. Lorsque les portes s&rsquo;ouvrent, les bibliophiles deviennent des amateurs d&rsquo;art. L&rsquo;\u00e9clairage est bon dans l&rsquo;une [&hellip;]<\/p>\n","protected":false},"author":1,"featured_media":0,"parent":0,"menu_order":0,"comment_status":"open","ping_status":"open","template":"","meta":{"footnotes":""},"class_list":["post-353","page","type-page","status-publish","hentry"],"aioseo_notices":[],"_links":{"self":[{"href":"https:\/\/www.funiculart.fr\/ressources\/wp-json\/wp\/v2\/pages\/353","targetHints":{"allow":["GET"]}}],"collection":[{"href":"https:\/\/www.funiculart.fr\/ressources\/wp-json\/wp\/v2\/pages"}],"about":[{"href":"https:\/\/www.funiculart.fr\/ressources\/wp-json\/wp\/v2\/types\/page"}],"author":[{"embeddable":true,"href":"https:\/\/www.funiculart.fr\/ressources\/wp-json\/wp\/v2\/users\/1"}],"replies":[{"embeddable":true,"href":"https:\/\/www.funiculart.fr\/ressources\/wp-json\/wp\/v2\/comments?post=353"}],"version-history":[{"count":0,"href":"https:\/\/www.funiculart.fr\/ressources\/wp-json\/wp\/v2\/pages\/353\/revisions"}],"wp:attachment":[{"href":"https:\/\/www.funiculart.fr\/ressources\/wp-json\/wp\/v2\/media?parent=353"}],"curies":[{"name":"wp","href":"https:\/\/api.w.org\/{rel}","templated":true}]}}