{"id":3461,"date":"2021-04-16T09:19:24","date_gmt":"2021-04-16T07:19:24","guid":{"rendered":"https:\/\/www.funiculart.fr\/ressources\/?page_id=3461"},"modified":"2021-04-16T09:19:24","modified_gmt":"2021-04-16T07:19:24","slug":"mocan-nicolas-sur-paris-ou-region-parisienne","status":"publish","type":"page","link":"https:\/\/www.funiculart.fr\/ressources\/mocan-nicolas-sur-paris-ou-region-parisienne\/","title":{"rendered":"Mocan Nicolas sur Paris ou r\u00e9gion parisienne"},"content":{"rendered":"<p>mocan nicolas &lt;<a href=\"mailto:mocan@club-internet.fr\" target=\"_blank\" rel=\"noopener\">mocan@club-internet.fr<\/a>&gt;<\/p>\n<p><a href=\"http:\/\/www.mocan-nicolas.com\/\" target=\"_blank\" rel=\"noopener noreferrer\" data-saferedirecturl=\"https:\/\/www.google.com\/url?q=http:\/\/www.mocan-nicolas.com&amp;source=gmail&amp;ust=1618641261730000&amp;usg=AFQjCNHjASyHzbqbzCn7_4WJCM83jRAbHw\">www.mocan-nicolas.com<\/a><br \/>\nje recherche mod\u00e8le :<br \/>\nArtiste peintre et sculpteur recherche mod\u00e8le f\u00e9minin(exclusivement) sur Paris ou r\u00e9gion parisienne. Atelier sur Paris 15e. S\u00e9ance de pose de deux heures, poses longues, poses de nu, concernant des projets \u00e0 r\u00e9aliser dans le futur proche. Pour des cr\u00e9ations de peinture ou modelage. La peinture de nu reproduite est une cr\u00e9ation personnelle et repr\u00e9sente aussi le genre de morphologie que je recherche en priorit\u00e9.<\/p>\n<!-- Rendered by FancyBox without labels BEGIN -->\n\n\t<style type=\"text\/css\">\n\t\t\t\t\t#gallery-0 {\n\t\t\t\t\t\tmargin: auto;\n\t\t\t\t\t}\n\t\t\t\t\t#gallery-0 .gallery-item {\n\t\t\t\t\t\tfloat: left;\n\t\t\t\t\t\tmargin-top: 10px;\n\t\t\t\t\t\ttext-align: center;\n\t\t\t\t\t\twidth: 32%;\n\t\t\t\t\t}\n\t\t\t\t\t#gallery-0 img {\n\t\t\t\t\t\tborder: 2px solid #cfcfcf;\n\t\t\t\t\t}\n\t\t\t\t\t#gallery-0 .gallery-caption {\n\t\t\t\t\t\tmargin-left: 0;\n\t\t\t\t\t}\n\t<\/style>\n<script type=\"text\/javascript\">\n$(document).ready(function() {\n\t\/*\n\t *  Simple image gallery. Uses default settings\n\t *\/\n\n\t$(\".fancybox\").fancybox({\n\t\t\"transitionIn\"\t\t: \"none\",\n\t\t\"transitionOut\"\t\t: \"none\",\n\t\t\"titlePosition\" \t: \"over\"\n\n\t});\n});\n<\/script>\n\n\t<div id=\"gallery-0\" class=\"gallery galleryid-0 gallery-size-thumbnail\" style=\"\"><dl class=\"gallery-item\"><dt class=\"gallery-icon\">\n\t\t<a class=\"fancybox\" href=\"https:\/\/www.funiculart.fr\/ressources\/wp-content\/uploads\/2021\/04\/mocan-nicolas-1-1024x774.jpg\" rel=\"gallery-0\"><img loading=\"lazy\" decoding=\"async\" width=\"150\" height=\"300\" class=\"attachment-thumbnail\" alt=\"\" src=\"https:\/\/www.funiculart.fr\/ressources\/wp-content\/uploads\/2021\/04\/mocan-nicolas-1-150x300.jpg\" \/><\/a><\/dt><\/dl>\n\n<dl class=\"gallery-item\"><dt class=\"gallery-icon\">\n\t\t<a class=\"fancybox\" href=\"https:\/\/www.funiculart.fr\/ressources\/wp-content\/uploads\/2021\/04\/mocan-nicolas-2-1024x832.jpg\" rel=\"gallery-0\"><img loading=\"lazy\" decoding=\"async\" width=\"150\" height=\"300\" class=\"attachment-thumbnail\" alt=\"\" src=\"https:\/\/www.funiculart.fr\/ressources\/wp-content\/uploads\/2021\/04\/mocan-nicolas-2-150x300.jpg\" \/><\/a><\/dt><\/dl>\n\n<dl class=\"gallery-item\"><dt class=\"gallery-icon\">\n\t\t<a class=\"fancybox\" href=\"https:\/\/www.funiculart.fr\/ressources\/wp-content\/uploads\/2021\/04\/mocan-nicolas-3.jpg\" rel=\"gallery-0\"><img loading=\"lazy\" decoding=\"async\" width=\"150\" height=\"300\" class=\"attachment-thumbnail\" alt=\"\" src=\"https:\/\/www.funiculart.fr\/ressources\/wp-content\/uploads\/2021\/04\/mocan-nicolas-3-150x300.jpg\" \/><\/a><\/dt><\/dl>\n\n<\/div><br clear=\"all\" \/><!-- Rendered by FancyBox without labels END -->\n\n","protected":false},"excerpt":{"rendered":"<p>mocan nicolas &lt;mocan@club-internet.fr&gt; www.mocan-nicolas.com je recherche mod\u00e8le : Artiste peintre et sculpteur recherche mod\u00e8le f\u00e9minin(exclusivement) sur Paris ou r\u00e9gion parisienne. Atelier sur Paris 15e. S\u00e9ance de pose de deux heures, poses longues, poses de nu, concernant des projets \u00e0 r\u00e9aliser dans le futur proche. Pour des cr\u00e9ations de peinture ou modelage. La peinture de nu [&hellip;]<\/p>\n","protected":false},"author":1,"featured_media":0,"parent":0,"menu_order":0,"comment_status":"closed","ping_status":"closed","template":"","meta":{"footnotes":""},"class_list":["post-3461","page","type-page","status-publish","hentry"],"aioseo_notices":[],"_links":{"self":[{"href":"https:\/\/www.funiculart.fr\/ressources\/wp-json\/wp\/v2\/pages\/3461","targetHints":{"allow":["GET"]}}],"collection":[{"href":"https:\/\/www.funiculart.fr\/ressources\/wp-json\/wp\/v2\/pages"}],"about":[{"href":"https:\/\/www.funiculart.fr\/ressources\/wp-json\/wp\/v2\/types\/page"}],"author":[{"embeddable":true,"href":"https:\/\/www.funiculart.fr\/ressources\/wp-json\/wp\/v2\/users\/1"}],"replies":[{"embeddable":true,"href":"https:\/\/www.funiculart.fr\/ressources\/wp-json\/wp\/v2\/comments?post=3461"}],"version-history":[{"count":0,"href":"https:\/\/www.funiculart.fr\/ressources\/wp-json\/wp\/v2\/pages\/3461\/revisions"}],"wp:attachment":[{"href":"https:\/\/www.funiculart.fr\/ressources\/wp-json\/wp\/v2\/media?parent=3461"}],"curies":[{"name":"wp","href":"https:\/\/api.w.org\/{rel}","templated":true}]}}