{"id":314,"date":"2012-09-14T08:25:59","date_gmt":"2012-09-14T06:25:59","guid":{"rendered":"https:\/\/www.funiculart.fr\/ressources\/?page_id=314"},"modified":"2012-09-14T08:25:59","modified_gmt":"2012-09-14T06:25:59","slug":"salon-du-parc-des-expositions-cergy-pontoise","status":"publish","type":"page","link":"https:\/\/www.funiculart.fr\/ressources\/salon-du-parc-des-expositions-cergy-pontoise\/","title":{"rendered":"Salon du Parc des expositions Cergy Pontoise"},"content":{"rendered":"<p>Parc des expositions Cergy Pontoise<br \/>\nPremier salon d\u00e9di\u00e9 aux ann\u00e9es 50-60&rsquo;s<br \/>\nCe Salon, unique en France, tourne autour de l&rsquo;univers rock &lsquo;n&rsquo; roll, le public y vient avec beaucoup d&rsquo;assiduit\u00e9 et de curiosit\u00e9 autour du th\u00e8me. Bien entendu, les peintres exposants doivent proposer un travail en rapport avec le r\u00eave am\u00e9ricain. Ils pourront alors pr\u00e9senter leurs classiques et leurs nouveaut\u00e9s, mais surtout rencontrer un public d&rsquo;initi\u00e9s et se faire conna\u00eetre davantage.<img loading=\"lazy\" decoding=\"async\" class=\"aligncenter size-full wp-image-315\" title=\"affiche\" src=\"https:\/\/www.funiculart.fr\/ressources\/wp-content\/uploads\/2012\/09\/affiche.jpg\" alt=\"\" width=\"568\" height=\"800\" srcset=\"https:\/\/www.funiculart.fr\/ressources\/wp-content\/uploads\/2012\/09\/affiche.jpg 568w, https:\/\/www.funiculart.fr\/ressources\/wp-content\/uploads\/2012\/09\/affiche-284x400.jpg 284w\" sizes=\"auto, (max-width: 568px) 100vw, 568px\" \/><\/p>\n<p>Un lieu propos\u00e9 par <a title=\"pin up station\" href=\"http:\/\/www.pinupstation.com\" target=\"_blank\">JP Miannay<\/a><\/p>\n","protected":false},"excerpt":{"rendered":"<p>Parc des expositions Cergy Pontoise Premier salon d\u00e9di\u00e9 aux ann\u00e9es 50-60&rsquo;s Ce Salon, unique en France, tourne autour de l&rsquo;univers rock &lsquo;n&rsquo; roll, le public y vient avec beaucoup d&rsquo;assiduit\u00e9 et de curiosit\u00e9 autour du th\u00e8me. Bien entendu, les peintres exposants doivent proposer un travail en rapport avec le r\u00eave am\u00e9ricain. Ils pourront alors pr\u00e9senter [&hellip;]<\/p>\n","protected":false},"author":1,"featured_media":0,"parent":0,"menu_order":0,"comment_status":"open","ping_status":"open","template":"","meta":{"footnotes":""},"class_list":["post-314","page","type-page","status-publish","hentry"],"aioseo_notices":[],"_links":{"self":[{"href":"https:\/\/www.funiculart.fr\/ressources\/wp-json\/wp\/v2\/pages\/314","targetHints":{"allow":["GET"]}}],"collection":[{"href":"https:\/\/www.funiculart.fr\/ressources\/wp-json\/wp\/v2\/pages"}],"about":[{"href":"https:\/\/www.funiculart.fr\/ressources\/wp-json\/wp\/v2\/types\/page"}],"author":[{"embeddable":true,"href":"https:\/\/www.funiculart.fr\/ressources\/wp-json\/wp\/v2\/users\/1"}],"replies":[{"embeddable":true,"href":"https:\/\/www.funiculart.fr\/ressources\/wp-json\/wp\/v2\/comments?post=314"}],"version-history":[{"count":0,"href":"https:\/\/www.funiculart.fr\/ressources\/wp-json\/wp\/v2\/pages\/314\/revisions"}],"wp:attachment":[{"href":"https:\/\/www.funiculart.fr\/ressources\/wp-json\/wp\/v2\/media?parent=314"}],"curies":[{"name":"wp","href":"https:\/\/api.w.org\/{rel}","templated":true}]}}