{"id":2967,"date":"2019-02-23T07:45:29","date_gmt":"2019-02-23T05:45:29","guid":{"rendered":"https:\/\/www.funiculart.fr\/ressources\/?page_id=2967"},"modified":"2019-02-23T07:45:29","modified_gmt":"2019-02-23T05:45:29","slug":"jose-pose-dans-le-nord","status":"publish","type":"page","link":"https:\/\/www.funiculart.fr\/ressources\/jose-pose-dans-le-nord\/","title":{"rendered":"Jos\u00e9 pose dans le nord"},"content":{"rendered":"<p>Jos\u00e9 &lt;<a href=\"mailto:didierboulanger59800@gmail.com\" target=\"_blank\" rel=\"noopener noreferrer\">didierboulanger59800@gmail.co<wbr><\/wbr>m<\/a>&gt;<\/p>\n<p>55ans grand brun 1m83 70 kg d\u00e9sire poser pour photographes, peintres ou sculpteurs.<br \/>\nR\u00e9gion nord ou Paris.<br \/>\nLaisser moi un message pour renseignements compl\u00e9mentaire.<\/p>\n<p><img loading=\"lazy\" decoding=\"async\" class=\"aligncenter wp-image-2968 size-medium\" src=\"https:\/\/www.funiculart.fr\/ressources\/wp-content\/uploads\/2019\/02\/jose-didier-boulanger-paris-533x400.jpg\" alt=\"\" width=\"533\" height=\"400\" srcset=\"https:\/\/www.funiculart.fr\/ressources\/wp-content\/uploads\/2019\/02\/jose-didier-boulanger-paris-533x400.jpg 533w, https:\/\/www.funiculart.fr\/ressources\/wp-content\/uploads\/2019\/02\/jose-didier-boulanger-paris.jpg 640w\" sizes=\"auto, (max-width: 533px) 100vw, 533px\" \/><\/p>\n","protected":false},"excerpt":{"rendered":"<p>Jos\u00e9 &lt;didierboulanger59800@gmail.com&gt; 55ans grand brun 1m83 70 kg d\u00e9sire poser pour photographes, peintres ou sculpteurs. R\u00e9gion nord ou Paris. Laisser moi un message pour renseignements compl\u00e9mentaire.<\/p>\n","protected":false},"author":1,"featured_media":0,"parent":0,"menu_order":0,"comment_status":"closed","ping_status":"closed","template":"","meta":{"footnotes":""},"class_list":["post-2967","page","type-page","status-publish","hentry"],"aioseo_notices":[],"_links":{"self":[{"href":"https:\/\/www.funiculart.fr\/ressources\/wp-json\/wp\/v2\/pages\/2967","targetHints":{"allow":["GET"]}}],"collection":[{"href":"https:\/\/www.funiculart.fr\/ressources\/wp-json\/wp\/v2\/pages"}],"about":[{"href":"https:\/\/www.funiculart.fr\/ressources\/wp-json\/wp\/v2\/types\/page"}],"author":[{"embeddable":true,"href":"https:\/\/www.funiculart.fr\/ressources\/wp-json\/wp\/v2\/users\/1"}],"replies":[{"embeddable":true,"href":"https:\/\/www.funiculart.fr\/ressources\/wp-json\/wp\/v2\/comments?post=2967"}],"version-history":[{"count":0,"href":"https:\/\/www.funiculart.fr\/ressources\/wp-json\/wp\/v2\/pages\/2967\/revisions"}],"wp:attachment":[{"href":"https:\/\/www.funiculart.fr\/ressources\/wp-json\/wp\/v2\/media?parent=2967"}],"curies":[{"name":"wp","href":"https:\/\/api.w.org\/{rel}","templated":true}]}}

José pose dans le nord

<p>José &lt;<a href="mailto:didierboulanger59800@gmail.com" target="_blank" rel="noopener noreferrer">didierboulanger59800@gmail.co<wbr></wbr>m</a>&gt;</p>
<p>55ans grand brun 1m83 70 kg désire poser pour photographes, peintres ou sculpteurs.<br />
Région nord ou Paris.<br />
Laisser moi un message pour renseignements complémentaire.</p>
<p><img loading="lazy" decoding="async" class="aligncenter wp-image-2968 size-medium" src="https://www.funiculart.fr/ressources/wp-content/uploads/2019/02/jose-didier-boulanger-paris-533x400.jpg" alt="" width="533" height="400" srcset="https://www.funiculart.fr/ressources/wp-content/uploads/2019/02/jose-didier-boulanger-paris-533x400.jpg 533w, https://www.funiculart.fr/ressources/wp-content/uploads/2019/02/jose-didier-boulanger-paris.jpg 640w" sizes="auto, (max-width: 533px) 100vw, 533px" /></p>

<p>José &lt;didierboulanger59800@gmail.com&gt; 55ans grand brun 1m83 70 kg désire poser pour photographes, peintres ou sculpteurs. Région nord ou Paris. Laisser moi un message pour renseignements complémentaire.</p>
