{"id":2611,"date":"2018-06-21T09:13:38","date_gmt":"2018-06-21T07:13:38","guid":{"rendered":"https:\/\/www.funiculart.fr\/ressources\/?page_id=2611"},"modified":"2026-03-17T10:40:58","modified_gmt":"2026-03-17T08:40:58","slug":"cours-et-stages-darts-plastiques-dans-les-hauts-de-france","status":"publish","type":"page","link":"https:\/\/www.funiculart.fr\/ressources\/cours-et-stages-darts-plastiques-dans-les-hauts-de-france\/","title":{"rendered":"Cours et stages d&rsquo;Arts Plastiques dans les Hauts-de-France"},"content":{"rendered":"<p><strong>Attention, certaines annonces peuvent ne plus \u00eatre d&rsquo;actualit\u00e9, merci de bien contacter les personnes concern\u00e9es et de <a href=\"https:\/\/www.funiculart.fr\/ressources\/contacter-funiculart\/\">nous aviser d&rsquo;un \u00e9ventuel lieu obsol\u00e8te<\/a>.\u00a0<\/strong><\/p>\n<h2>Dans le Nord Pas-de-Calais et la Picardie :<\/h2>\n<hr \/>\n<ul>\n<li><a href=\"https:\/\/www.funiculart.fr\/ressources\/cours-de-dessin-a-beauquesne-picardie\/\">Cours de dessin \u00e0 Beauquesne (Picardie) : Corine Pagny<\/a><\/li>\n<li><a href=\"https:\/\/www.funiculart.fr\/ressources\/cours-de-sculpture-a-lille-guy-le-perse\/\">Cours de sculpture \u00e0 Douai : Guy Le Perse.<\/a><\/li>\n<li><a href=\"https:\/\/www.funiculart.fr\/ressources\/decouverte-de-la-gravure-sur-rhenalon\/\">D\u00e9couverte de la gravure sur rhenalon : Corine Pagny<\/a><\/li>\n<li><a href=\"https:\/\/www.funiculart.fr\/ressources\/stage-daquarelle-sur-le-motif-gondecourt\/\">Stage d&rsquo;aquarelle sur motif \u00e0 gondecourt.<\/a><\/li>\n<li><a href=\"https:\/\/www.funiculart.fr\/ressources\/cours-arts-plastiques-maubeuge\/\">Cours d&rsquo;arts plastiques \u00e0 Maubeuge : Hugo Laruelle.<\/a><\/li>\n<li><a href=\"https:\/\/www.funiculart.fr\/ressources\/idemarts-cours-darts-plastiques-59600-maubeuge\/\">Idem+arts : cours d&rsquo;arts-plastiques \u00e0 Maubeuge.<\/a><\/li>\n<li><a href=\"https:\/\/www.funiculart.fr\/ressources\/biennale-internationale-daquarelle-de-coquelles-62\/\">Biennale Internationale d&rsquo;Aquarelle de Coquelles.<\/a><\/li>\n<li><a href=\"https:\/\/www.funiculart.fr\/ressources\/vitel-nadine-cours-peinture-acrylique-au-couteau\/\">VITEL Nadine : Cours peinture Acrylique au couteau.<\/a><\/li>\n<li><a href=\"https:\/\/www.funiculart.fr\/ressources\/cours-de-sculpture-a-villeneuve-dascq-nord\/\">Cours de sculpture : Chantal Cheuva<\/a>.<\/li>\n<li><a href=\"https:\/\/www.funiculart.fr\/ressources\/cours-dessins-peinture-saint-andre-lez-lille\/\">Cours de dessin et peinture \u00e0\u00a0Saint Andr\u00e9 Lez Lille : Tony Masschelein<\/a><\/li>\n<li><a href=\"https:\/\/www.funiculart.fr\/ressources\/cours-peinture-et-dessin-avec-michiels-lucy-a-raismes-59590\/\">Cours de dessin et peinture \u00e0 Raismes dans le nord.<\/a><\/li>\n<li><a href=\"https:\/\/www.funiculart.fr\/ressources\/valerie-telesca-stage-matieres-et-couleur\/\">Stage \u00ab\u00a0Mati\u00e8res et couleur\u00a0\u00bb : Val\u00e9rie Telesca<\/a><\/li>\n<li><a href=\"https:\/\/www.funiculart.fr\/ressources\/un-tableau-en-famille\/\">Atelier<\/a> <a href=\"https:\/\/www.funiculart.fr\/ressources\/un-tableau-en-famille\/\">\u00ab\u00a0Un tableau en famille\u00a0\u00bb : Val\u00e9rie Telesca<\/a><\/li>\n<li><a href=\"https:\/\/www.funiculart.fr\/ressources\/stage-decouverte-les-peintures-reactives-valerie-telesca\/\">Stage d\u00e9couverte \u00ab\u00a0Les peintures r\u00e9actives\u00a0\u00bb : Val\u00e9rie Telesca<\/a><\/li>\n<li><a href=\"https:\/\/www.funiculart.fr\/ressources\/cours-de-sculpture-saint-andre-lez-lille\/\">Cours de sculpture \u00e0 Saint Andr\u00e9 Lez Lille : Caroline Chopin<\/a><\/li>\n<li><a href=\"https:\/\/www.funiculart.fr\/ressources\/ateliers-les-jartdins-de-sabila-nathalie-lemire-a-roubaix\/\">Cours de dessin et peinture \u00e0 Roubaix : les jartdins de Sabila.<\/a><\/li>\n<li><a href=\"https:\/\/www.funiculart.fr\/ressources\/cours-en-atelier-a-marcq-en-baroeul-sabine-boulinguiez\/\">Cours toutes techniques peinture \u00e0 Marcq en Baroeul : Sabine Boulinguiez<\/a><\/li>\n<li><a href=\"https:\/\/www.funiculart.fr\/ressources\/cours-de-dessins-et-peinture-a-lille-fred-depienne\/\">Cours de dessin et peinture \u00e0 lille : Fr\u00e9d Depienne<\/a><\/li>\n<li><a href=\"https:\/\/www.funiculart.fr\/ressources\/cours-de-peinture-a-croisilles-pres-darras\/\">Cours de peinture \u00e0 Croisilles pr\u00e8s d&rsquo;Arras : Chantal Herbaux<\/a><\/li>\n<li><a href=\"https:\/\/www.funiculart.fr\/ressources\/cours-dessin-peinture-aquarelle-modelage-et-bande-dessinee\/\">Cours dessins et modelage \u00e0 l\u2019Atelier 47 de Villeneuve d\u2019Ascq : Elisabeth Halloo Joye<\/a><\/li>\n<li><a href=\"https:\/\/www.funiculart.fr\/ressources\/stage-creation-audio-book-a-dury\/\">Stage cr\u00e9ation audio-book \u00e0 Dury : Carlu Roxane <\/a><\/li>\n<li><a href=\"https:\/\/www.funiculart.fr\/ressources\/stage-vitrail-tiffany-dans-le-nord\/\">Stage vitrail tiffany dans le nord : Sacaze-Badie Christine<\/a><\/li>\n<li><a href=\"https:\/\/www.funiculart.fr\/ressources\/cours-darts-plastiques-pour-enfants-a-saint-andre-lez-lille\/\">Cours d&rsquo;Arts-plastiques pour enfants \u00e0 Saint-andre-lez-lille.<\/a><\/li>\n<\/ul>\n<hr noshade=\"noshade\" size=\"1\" \/>\n<p><strong>Anciens stages (&#8230;pourront \u00eatre reconduits) :<\/strong><\/p>\n<ul>\n<li><a href=\"https:\/\/www.funiculart.fr\/ressources\/stages-dete-2017-chez-guy-le-perse\/\">Stage de sculpture en juillet et aout 2017 : Guy Le Perse.<\/a><\/li>\n<li><a href=\"https:\/\/www.funiculart.fr\/ressources\/stage-de-modelage-a-lille-guy-le-perse\/\">Stage d&rsquo;\u00e9t\u00e9 modelage \u00e0 Lille du 22 au 26 juillet 2013 : Guy Le Perse<\/a><\/li>\n<li><a href=\"https:\/\/www.funiculart.fr\/ressources\/association-comment-tu-fais-ca-a-arras\/\">Stage artistique \u00ab\u00a0comment tu fais \u00e7a\u00a0\u00bb \u00e0 Arras<\/a> (aout 2014).<\/li>\n<li><a href=\"https:\/\/www.funiculart.fr\/ressources\/ateliers-dete-de-la-cour-dartistes-a-calais\/\">Ateliers d&rsquo;\u00e9t\u00e9 2013 \u00e0 Calais : La Cour d&rsquo;Artistes<\/a><\/li>\n<li><a href=\"https:\/\/www.funiculart.fr\/ressources\/stage-de-sculpture-a-stella-plage-chantal-cheuva\/\">Stages de sculpture \u00e0 Stella Plage : <\/a><a href=\"https:\/\/www.funiculart.fr\/ressources\/stage-de-sculpture-a-stella-plage-chantal-cheuva\/\"> Chantal Cheuva<\/a><\/li>\n<\/ul>\n<h3>-Dans les autres r\u00e9gions de France :<\/h3>\n<ul>\n<li><a href=\"https:\/\/www.funiculart.fr\/ressources\/atelier-modele-vivant-en-belgique\/\">Atelier mod\u00e8les vivants en Belgique.<\/a><\/li>\n<li><a href=\"https:\/\/www.funiculart.fr\/ressources\/boutry-beatrice-cours-et-stages-de-modelage-et-tournage\/\">Boutry B\u00e9atrice : cours stages modelage tournage.<\/a><\/li>\n<li><a href=\"https:\/\/www.funiculart.fr\/ressources\/stage-de-sculpture-laurent-messager\/\">Stage de sculpture : Laurent Messager.<\/a><\/li>\n<li><a href=\"https:\/\/www.funiculart.fr\/ressources\/cours-de-dessin-et-peinture-academiques-toute-lannee-dapres-modeles-vivants\/\">Cours de dessin et peinture \u00e0 Paris.<\/a><\/li>\n<li><a href=\"https:\/\/www.funiculart.fr\/ressources\/patricia-gulyas-cours-de-dessin-et-peinture-a-lautrec\/\">Cours de dessin et peinture \u00e0 Lautrec<\/a><a href=\"https:\/\/www.funiculart.fr\/ressources\/patricia-gulyas-cours-de-dessin-et-peinture-a-lautrec\/\"> 81440 : Patricia Gulyas.<\/a><\/li>\n<li><a href=\"https:\/\/www.funiculart.fr\/ressources\/stage-de-modelage-dapres-modele-vivant-le-week-end-a-paris-palmero-paola\/\">Stage de sculpture \u00e0 Paris : Palmero Paola.<\/a><\/li>\n<li><a href=\"https:\/\/www.funiculart.fr\/ressources\/stages-de-dessins-a-la-roche-sur-foron-74-haute-savoie\/\">Stages de dessins La Roche-sur-Foron (haute-savoie).<\/a><\/li>\n<\/ul>\n","protected":false},"excerpt":{"rendered":"<p>Attention, certaines annonces peuvent ne plus \u00eatre d&rsquo;actualit\u00e9, merci de bien contacter les personnes concern\u00e9es et de nous aviser d&rsquo;un \u00e9ventuel lieu obsol\u00e8te.\u00a0 Dans le Nord Pas-de-Calais et la Picardie : Cours de dessin \u00e0 Beauquesne (Picardie) : Corine Pagny Cours de sculpture \u00e0 Douai : Guy Le Perse. D\u00e9couverte de la gravure sur rhenalon [&hellip;]<\/p>\n","protected":false},"author":1,"featured_media":0,"parent":0,"menu_order":0,"comment_status":"closed","ping_status":"closed","template":"","meta":{"footnotes":""},"class_list":["post-2611","page","type-page","status-publish","hentry"],"aioseo_notices":[],"_links":{"self":[{"href":"https:\/\/www.funiculart.fr\/ressources\/wp-json\/wp\/v2\/pages\/2611","targetHints":{"allow":["GET"]}}],"collection":[{"href":"https:\/\/www.funiculart.fr\/ressources\/wp-json\/wp\/v2\/pages"}],"about":[{"href":"https:\/\/www.funiculart.fr\/ressources\/wp-json\/wp\/v2\/types\/page"}],"author":[{"embeddable":true,"href":"https:\/\/www.funiculart.fr\/ressources\/wp-json\/wp\/v2\/users\/1"}],"replies":[{"embeddable":true,"href":"https:\/\/www.funiculart.fr\/ressources\/wp-json\/wp\/v2\/comments?post=2611"}],"version-history":[{"count":10,"href":"https:\/\/www.funiculart.fr\/ressources\/wp-json\/wp\/v2\/pages\/2611\/revisions"}],"predecessor-version":[{"id":4239,"href":"https:\/\/www.funiculart.fr\/ressources\/wp-json\/wp\/v2\/pages\/2611\/revisions\/4239"}],"wp:attachment":[{"href":"https:\/\/www.funiculart.fr\/ressources\/wp-json\/wp\/v2\/media?parent=2611"}],"curies":[{"name":"wp","href":"https:\/\/api.w.org\/{rel}","templated":true}]}}

<p><strong>Attention, certaines annonces peuvent ne plus être d&rsquo;actualité, merci de bien contacter les personnes concernées et de <a href="https://www.funiculart.fr/ressources/contacter-funiculart/">nous aviser d&rsquo;un éventuel lieu obsolète</a>. </strong></p>
<h2>Dans le Nord Pas-de-Calais et la Picardie :</h2>
<hr />
<ul>
<li><a href="https://www.funiculart.fr/ressources/cours-de-dessin-a-beauquesne-picardie/">Cours de dessin à Beauquesne (Picardie) : Corine Pagny</a></li>
<li><a href="https://www.funiculart.fr/ressources/cours-de-sculpture-a-lille-guy-le-perse/">Cours de sculpture à Douai : Guy Le Perse.</a></li>
<li><a href="https://www.funiculart.fr/ressources/decouverte-de-la-gravure-sur-rhenalon/">Découverte de la gravure sur rhenalon : Corine Pagny</a></li>
<li><a href="https://www.funiculart.fr/ressources/stage-daquarelle-sur-le-motif-gondecourt/">Stage d&rsquo;aquarelle sur motif à gondecourt.</a></li>
<li><a href="https://www.funiculart.fr/ressources/cours-arts-plastiques-maubeuge/">Cours d&rsquo;arts plastiques à Maubeuge : Hugo Laruelle.</a></li>
<li><a href="https://www.funiculart.fr/ressources/idemarts-cours-darts-plastiques-59600-maubeuge/">Idem+arts : cours d&rsquo;arts-plastiques à Maubeuge.</a></li>
<li><a href="https://www.funiculart.fr/ressources/biennale-internationale-daquarelle-de-coquelles-62/">Biennale Internationale d&rsquo;Aquarelle de Coquelles.</a></li>
<li><a href="https://www.funiculart.fr/ressources/vitel-nadine-cours-peinture-acrylique-au-couteau/">VITEL Nadine : Cours peinture Acrylique au couteau.</a></li>
<li><a href="https://www.funiculart.fr/ressources/cours-de-sculpture-a-villeneuve-dascq-nord/">Cours de sculpture : Chantal Cheuva</a>.</li>
<li><a href="https://www.funiculart.fr/ressources/cours-dessins-peinture-saint-andre-lez-lille/">Cours de dessin et peinture à Saint André Lez Lille : Tony Masschelein</a></li>
<li><a href="https://www.funiculart.fr/ressources/cours-peinture-et-dessin-avec-michiels-lucy-a-raismes-59590/">Cours de dessin et peinture à Raismes dans le nord.</a></li>
<li><a href="https://www.funiculart.fr/ressources/valerie-telesca-stage-matieres-et-couleur/">Stage « Matières et couleur » : Valérie Telesca</a></li>
<li><a href="https://www.funiculart.fr/ressources/un-tableau-en-famille/">Atelier</a> <a href="https://www.funiculart.fr/ressources/un-tableau-en-famille/">« Un tableau en famille » : Valérie Telesca</a></li>
<li><a href="https://www.funiculart.fr/ressources/stage-decouverte-les-peintures-reactives-valerie-telesca/">Stage découverte « Les peintures réactives » : Valérie Telesca</a></li>
<li><a href="https://www.funiculart.fr/ressources/cours-de-sculpture-saint-andre-lez-lille/">Cours de sculpture à Saint André Lez Lille : Caroline Chopin</a></li>
<li><a href="https://www.funiculart.fr/ressources/ateliers-les-jartdins-de-sabila-nathalie-lemire-a-roubaix/">Cours de dessin et peinture à Roubaix : les jartdins de Sabila.</a></li>
<li><a href="https://www.funiculart.fr/ressources/cours-en-atelier-a-marcq-en-baroeul-sabine-boulinguiez/">Cours toutes techniques peinture à Marcq en Baroeul : Sabine Boulinguiez</a></li>
<li><a href="https://www.funiculart.fr/ressources/cours-de-dessins-et-peinture-a-lille-fred-depienne/">Cours de dessin et peinture à lille : Fréd Depienne</a></li>
<li><a href="https://www.funiculart.fr/ressources/cours-de-peinture-a-croisilles-pres-darras/">Cours de peinture à Croisilles près d&rsquo;Arras : Chantal Herbaux</a></li>
<li><a href="https://www.funiculart.fr/ressources/cours-dessin-peinture-aquarelle-modelage-et-bande-dessinee/">Cours dessins et modelage à l’Atelier 47 de Villeneuve d’Ascq : Elisabeth Halloo Joye</a></li>
<li><a href="https://www.funiculart.fr/ressources/stage-creation-audio-book-a-dury/">Stage création audio-book à Dury : Carlu Roxane </a></li>
<li><a href="https://www.funiculart.fr/ressources/stage-vitrail-tiffany-dans-le-nord/">Stage vitrail tiffany dans le nord : Sacaze-Badie Christine</a></li>
<li><a href="https://www.funiculart.fr/ressources/cours-darts-plastiques-pour-enfants-a-saint-andre-lez-lille/">Cours d&rsquo;Arts-plastiques pour enfants à Saint-andre-lez-lille.</a></li>
</ul>
<hr noshade="noshade" size="1" />
<p><strong>Anciens stages (&#8230;pourront être reconduits) :</strong></p>
<ul>
<li><a href="https://www.funiculart.fr/ressources/stages-dete-2017-chez-guy-le-perse/">Stage de sculpture en juillet et aout 2017 : Guy Le Perse.</a></li>
<li><a href="https://www.funiculart.fr/ressources/stage-de-modelage-a-lille-guy-le-perse/">Stage d&rsquo;été modelage à Lille du 22 au 26 juillet 2013 : Guy Le Perse</a></li>
<li><a href="https://www.funiculart.fr/ressources/association-comment-tu-fais-ca-a-arras/">Stage artistique « comment tu fais ça » à Arras</a> (aout 2014).</li>
<li><a href="https://www.funiculart.fr/ressources/ateliers-dete-de-la-cour-dartistes-a-calais/">Ateliers d&rsquo;été 2013 à Calais : La Cour d&rsquo;Artistes</a></li>
<li><a href="https://www.funiculart.fr/ressources/stage-de-sculpture-a-stella-plage-chantal-cheuva/">Stages de sculpture à Stella Plage : </a><a href="https://www.funiculart.fr/ressources/stage-de-sculpture-a-stella-plage-chantal-cheuva/"> Chantal Cheuva</a></li>
</ul>
<h3>-Dans les autres régions de France :</h3>
<ul>
<li><a href="https://www.funiculart.fr/ressources/atelier-modele-vivant-en-belgique/">Atelier modèles vivants en Belgique.</a></li>
<li><a href="https://www.funiculart.fr/ressources/boutry-beatrice-cours-et-stages-de-modelage-et-tournage/">Boutry Béatrice : cours stages modelage tournage.</a></li>
<li><a href="https://www.funiculart.fr/ressources/stage-de-sculpture-laurent-messager/">Stage de sculpture : Laurent Messager.</a></li>
<li><a href="https://www.funiculart.fr/ressources/cours-de-dessin-et-peinture-academiques-toute-lannee-dapres-modeles-vivants/">Cours de dessin et peinture à Paris.</a></li>
<li><a href="https://www.funiculart.fr/ressources/patricia-gulyas-cours-de-dessin-et-peinture-a-lautrec/">Cours de dessin et peinture à Lautrec</a><a href="https://www.funiculart.fr/ressources/patricia-gulyas-cours-de-dessin-et-peinture-a-lautrec/"> 81440 : Patricia Gulyas.</a></li>
<li><a href="https://www.funiculart.fr/ressources/stage-de-modelage-dapres-modele-vivant-le-week-end-a-paris-palmero-paola/">Stage de sculpture à Paris : Palmero Paola.</a></li>
<li><a href="https://www.funiculart.fr/ressources/stages-de-dessins-a-la-roche-sur-foron-74-haute-savoie/">Stages de dessins La Roche-sur-Foron (haute-savoie).</a></li>
</ul>

<p>Attention, certaines annonces peuvent ne plus être d&rsquo;actualité, merci de bien contacter les personnes concernées et de nous aviser d&rsquo;un éventuel lieu obsolète.  Dans le Nord Pas-de-Calais et la Picardie : Cours de dessin à Beauquesne (Picardie) : Corine Pagny Cours de sculpture à Douai : Guy Le Perse. Découverte de la gravure sur rhenalon [&hellip;]</p>
