{"id":2402,"date":"2017-04-11T09:45:29","date_gmt":"2017-04-11T07:45:29","guid":{"rendered":"https:\/\/www.funiculart.fr\/ressources\/?page_id=2402"},"modified":"2017-04-11T09:45:29","modified_gmt":"2017-04-11T07:45:29","slug":"cottin-occitane-amiens","status":"publish","type":"page","link":"https:\/\/www.funiculart.fr\/ressources\/cottin-occitane-amiens\/","title":{"rendered":"Cottin Occitane pose sur Amiens"},"content":{"rendered":"<p>Cottin occitane &lt;<a href=\"mailto:occitane1997@gmail.com\">occitane1997@gmail.com<\/a>&gt;<\/p>\n<p>Bonjour je m&rsquo;appelle occitane, je suis une jeune femme de 19ans, je mesure 1m72, cheveux ch\u00e2tain fonc\u00e9, je suis assez fine et fusel\u00e9. Je recherche \u00e0 poser pour d\u00e9couvrir une nouvelle exp\u00e9rience et pour \u00eatre un peu r\u00e9mun\u00e9r\u00e9, \u00e7a ne me d\u00e9range pas de poser nue. Je suis sur Amiens en Picardie et je suis disponible tous les jours sauf le dimanche.<\/p>\n<p><img loading=\"lazy\" decoding=\"async\" class=\"aligncenter size-medium wp-image-2403\" src=\"https:\/\/www.funiculart.fr\/ressources\/wp-content\/uploads\/2017\/04\/Cottin-occitane-e1491896712424-300x400.jpg\" alt=\"\" width=\"300\" height=\"400\" srcset=\"https:\/\/www.funiculart.fr\/ressources\/wp-content\/uploads\/2017\/04\/Cottin-occitane-e1491896712424-300x400.jpg 300w, https:\/\/www.funiculart.fr\/ressources\/wp-content\/uploads\/2017\/04\/Cottin-occitane-e1491896712424-768x1024.jpg 768w, https:\/\/www.funiculart.fr\/ressources\/wp-content\/uploads\/2017\/04\/Cottin-occitane-e1491896712424-600x800.jpg 600w, https:\/\/www.funiculart.fr\/ressources\/wp-content\/uploads\/2017\/04\/Cottin-occitane-e1491896712424.jpg 960w\" sizes=\"auto, (max-width: 300px) 100vw, 300px\" \/><\/p>\n","protected":false},"excerpt":{"rendered":"<p>Cottin occitane &lt;occitane1997@gmail.com&gt; Bonjour je m&rsquo;appelle occitane, je suis une jeune femme de 19ans, je mesure 1m72, cheveux ch\u00e2tain fonc\u00e9, je suis assez fine et fusel\u00e9. Je recherche \u00e0 poser pour d\u00e9couvrir une nouvelle exp\u00e9rience et pour \u00eatre un peu r\u00e9mun\u00e9r\u00e9, \u00e7a ne me d\u00e9range pas de poser nue. Je suis sur Amiens en Picardie [&hellip;]<\/p>\n","protected":false},"author":1,"featured_media":0,"parent":0,"menu_order":0,"comment_status":"closed","ping_status":"closed","template":"","meta":{"footnotes":""},"class_list":["post-2402","page","type-page","status-publish","hentry"],"aioseo_notices":[],"_links":{"self":[{"href":"https:\/\/www.funiculart.fr\/ressources\/wp-json\/wp\/v2\/pages\/2402","targetHints":{"allow":["GET"]}}],"collection":[{"href":"https:\/\/www.funiculart.fr\/ressources\/wp-json\/wp\/v2\/pages"}],"about":[{"href":"https:\/\/www.funiculart.fr\/ressources\/wp-json\/wp\/v2\/types\/page"}],"author":[{"embeddable":true,"href":"https:\/\/www.funiculart.fr\/ressources\/wp-json\/wp\/v2\/users\/1"}],"replies":[{"embeddable":true,"href":"https:\/\/www.funiculart.fr\/ressources\/wp-json\/wp\/v2\/comments?post=2402"}],"version-history":[{"count":0,"href":"https:\/\/www.funiculart.fr\/ressources\/wp-json\/wp\/v2\/pages\/2402\/revisions"}],"wp:attachment":[{"href":"https:\/\/www.funiculart.fr\/ressources\/wp-json\/wp\/v2\/media?parent=2402"}],"curies":[{"name":"wp","href":"https:\/\/api.w.org\/{rel}","templated":true}]}}

<p>Cottin occitane &lt;<a href="mailto:occitane1997@gmail.com">occitane1997@gmail.com</a>&gt;</p>
<p>Bonjour je m&rsquo;appelle occitane, je suis une jeune femme de 19ans, je mesure 1m72, cheveux châtain foncé, je suis assez fine et fuselé. Je recherche à poser pour découvrir une nouvelle expérience et pour être un peu rémunéré, ça ne me dérange pas de poser nue. Je suis sur Amiens en Picardie et je suis disponible tous les jours sauf le dimanche.</p>
<p><img loading="lazy" decoding="async" class="aligncenter size-medium wp-image-2403" src="https://www.funiculart.fr/ressources/wp-content/uploads/2017/04/Cottin-occitane-e1491896712424-300x400.jpg" alt="" width="300" height="400" srcset="https://www.funiculart.fr/ressources/wp-content/uploads/2017/04/Cottin-occitane-e1491896712424-300x400.jpg 300w, https://www.funiculart.fr/ressources/wp-content/uploads/2017/04/Cottin-occitane-e1491896712424-768x1024.jpg 768w, https://www.funiculart.fr/ressources/wp-content/uploads/2017/04/Cottin-occitane-e1491896712424-600x800.jpg 600w, https://www.funiculart.fr/ressources/wp-content/uploads/2017/04/Cottin-occitane-e1491896712424.jpg 960w" sizes="auto, (max-width: 300px) 100vw, 300px" /></p>

<p>Cottin occitane &lt;occitane1997@gmail.com&gt; Bonjour je m&rsquo;appelle occitane, je suis une jeune femme de 19ans, je mesure 1m72, cheveux châtain foncé, je suis assez fine et fuselé. Je recherche à poser pour découvrir une nouvelle expérience et pour être un peu rémunéré, ça ne me dérange pas de poser nue. Je suis sur Amiens en Picardie [&hellip;]</p>
