{"id":2151,"date":"2016-11-28T16:19:37","date_gmt":"2016-11-28T14:19:37","guid":{"rendered":"https:\/\/www.funiculart.fr\/ressources\/?page_id=2151"},"modified":"2016-11-28T16:21:05","modified_gmt":"2016-11-28T14:21:05","slug":"laure-joly","status":"publish","type":"page","link":"https:\/\/www.funiculart.fr\/ressources\/laure-joly\/","title":{"rendered":"Laure Joly"},"content":{"rendered":"<p>Laure &lt;<a href=\"mailto:laure.no.joly@gmail.com\">laure.no.joly@gmail.com<\/a>&gt;<\/p>\n<p><a href=\"https:\/\/www.facebook.com\/laure.joly.338\" target=\"_blank\" rel=\"noreferrer\" data-saferedirecturl=\"https:\/\/www.google.com\/url?hl=fr&amp;q=https:\/\/www.facebook.com\/laure.joly.338&amp;source=gmail&amp;ust=1480427372546000&amp;usg=AFQjCNFDjhdaRJM7a7f1OAcmk7htkJxdzg\">https:\/\/www.facebook.com\/<wbr><\/wbr>laure.joly.338<\/a><\/p>\n<p>Com\u00e9dienne, j\u2019ai pos\u00e9 pour diff\u00e9rents photographes en collaboration entre 2012 et 2016, notamment Bernard Minier, directeur artistique du Festival Europ\u00e9en de la Photographie de Nu, mais aussi Martial Lenoir, Denis Mareau. C\u2019est une exp\u00e9rience enrichissante que j\u2019aimerais continuer d\u2019explorer et \u00e9largir (peinture, sculpture, cours, artistes f\u00e9minins\u2026). Ayant d\u00e9velopp\u00e9 une pratique plurielle, j\u2019aime l\u2019id\u00e9e de c\u00f4toyer diff\u00e9rents univers, diff\u00e9rentes mani\u00e8res d\u2019aborder le travail, diff\u00e9rentes pratiques.<br \/>\nAu plaisir de vous rencontrer !<\/p>\n<p>Infos : 1,75m &#8211; 60 kg. Profil sportif (training danse contemporaine). Mince. Caucasienne.<br \/>\nR\u00e9gion parisienne. Horaires variables et souvent adaptables. Tarifs en fonction des projets, \u00e0 voir en priv\u00e9.<\/p>\n<!-- Rendered by FancyBox without labels BEGIN -->\n\n\t<style type=\"text\/css\">\n\t\t\t\t\t#gallery-0 {\n\t\t\t\t\t\tmargin: auto;\n\t\t\t\t\t}\n\t\t\t\t\t#gallery-0 .gallery-item {\n\t\t\t\t\t\tfloat: left;\n\t\t\t\t\t\tmargin-top: 10px;\n\t\t\t\t\t\ttext-align: center;\n\t\t\t\t\t\twidth: 32%;\n\t\t\t\t\t}\n\t\t\t\t\t#gallery-0 img {\n\t\t\t\t\t\tborder: 2px solid #cfcfcf;\n\t\t\t\t\t}\n\t\t\t\t\t#gallery-0 .gallery-caption {\n\t\t\t\t\t\tmargin-left: 0;\n\t\t\t\t\t}\n\t<\/style>\n<script type=\"text\/javascript\">\n$(document).ready(function() {\n\t\/*\n\t *  Simple image gallery. Uses default settings\n\t *\/\n\n\t$(\".fancybox\").fancybox({\n\t\t\"transitionIn\"\t\t: \"none\",\n\t\t\"transitionOut\"\t\t: \"none\",\n\t\t\"titlePosition\" \t: \"over\"\n\n\t});\n});\n<\/script>\n\n\t<div id=\"gallery-0\" class=\"gallery galleryid-0 gallery-size-thumbnail\" style=\"\"><dl class=\"gallery-item\"><dt class=\"gallery-icon\">\n\t\t<a class=\"fancybox\" href=\"https:\/\/www.funiculart.fr\/ressources\/wp-content\/uploads\/2016\/11\/a132r.jpg\" rel=\"gallery-0\"><img loading=\"lazy\" decoding=\"async\" width=\"150\" height=\"300\" class=\"attachment-thumbnail\" alt=\"Laure Joly\" src=\"https:\/\/www.funiculart.fr\/ressources\/wp-content\/uploads\/2016\/11\/a132r-150x300.jpg\" \/><\/a><\/dt><\/dl>\n\n<dl class=\"gallery-item\"><dt class=\"gallery-icon\">\n\t\t<a class=\"fancybox\" href=\"https:\/\/www.funiculart.fr\/ressources\/wp-content\/uploads\/2016\/11\/laure-j_22-2-rr-683x1024.jpg\" rel=\"gallery-0\"><img loading=\"lazy\" decoding=\"async\" width=\"150\" height=\"300\" class=\"attachment-thumbnail\" alt=\"\" src=\"https:\/\/www.funiculart.fr\/ressources\/wp-content\/uploads\/2016\/11\/laure-j_22-2-rr-150x300.jpg\" \/><\/a><\/dt><\/dl>\n\n<\/div><br clear=\"all\" \/><!-- Rendered by FancyBox without labels END -->\n\n","protected":false},"excerpt":{"rendered":"<p>Laure &lt;laure.no.joly@gmail.com&gt; https:\/\/www.facebook.com\/laure.joly.338 Com\u00e9dienne, j\u2019ai pos\u00e9 pour diff\u00e9rents photographes en collaboration entre 2012 et 2016, notamment Bernard Minier, directeur artistique du Festival Europ\u00e9en de la Photographie de Nu, mais aussi Martial Lenoir, Denis Mareau. C\u2019est une exp\u00e9rience enrichissante que j\u2019aimerais continuer d\u2019explorer et \u00e9largir (peinture, sculpture, cours, artistes f\u00e9minins\u2026). Ayant d\u00e9velopp\u00e9 une pratique plurielle, j\u2019aime [&hellip;]<\/p>\n","protected":false},"author":1,"featured_media":0,"parent":0,"menu_order":0,"comment_status":"closed","ping_status":"closed","template":"","meta":{"footnotes":""},"class_list":["post-2151","page","type-page","status-publish","hentry"],"aioseo_notices":[],"_links":{"self":[{"href":"https:\/\/www.funiculart.fr\/ressources\/wp-json\/wp\/v2\/pages\/2151","targetHints":{"allow":["GET"]}}],"collection":[{"href":"https:\/\/www.funiculart.fr\/ressources\/wp-json\/wp\/v2\/pages"}],"about":[{"href":"https:\/\/www.funiculart.fr\/ressources\/wp-json\/wp\/v2\/types\/page"}],"author":[{"embeddable":true,"href":"https:\/\/www.funiculart.fr\/ressources\/wp-json\/wp\/v2\/users\/1"}],"replies":[{"embeddable":true,"href":"https:\/\/www.funiculart.fr\/ressources\/wp-json\/wp\/v2\/comments?post=2151"}],"version-history":[{"count":0,"href":"https:\/\/www.funiculart.fr\/ressources\/wp-json\/wp\/v2\/pages\/2151\/revisions"}],"wp:attachment":[{"href":"https:\/\/www.funiculart.fr\/ressources\/wp-json\/wp\/v2\/media?parent=2151"}],"curies":[{"name":"wp","href":"https:\/\/api.w.org\/{rel}","templated":true}]}}