{"id":2138,"date":"2016-11-28T16:08:06","date_gmt":"2016-11-28T14:08:06","guid":{"rendered":"https:\/\/www.funiculart.fr\/ressources\/?page_id=2138"},"modified":"2016-11-28T16:08:06","modified_gmt":"2016-11-28T14:08:06","slug":"jerome-fabry-focale31","status":"publish","type":"page","link":"https:\/\/www.funiculart.fr\/ressources\/jerome-fabry-focale31\/","title":{"rendered":"J\u00e9r\u00f4me FABRY &#8211; Focale31"},"content":{"rendered":"<p>J\u00e9r\u00f4me FABRY &lt;<a href=\"mailto:jeromefabry@orange.fr\">jeromefabry@orange.fr<\/a>&gt;<\/p>\n<p>focale31 photographe jardin d&rsquo;eden en Savoie<br \/>\nje cherche des mod\u00e8les<br \/>\nBonjour , je recherche des mod\u00e8les f\u00e9minins de tous \u00e2ges ( les d\u00e9butantes sont les bienvenues ) pour diff\u00e9rents projets et styles .Vous pouvez voir mon book sur le site focale31 photographe jardin d&rsquo;eden en Savoie .<\/p>\n<p><a href=\"https:\/\/www.funiculart.fr\/ressources\/wp-content\/uploads\/2016\/11\/kizoa.jpg\"><img loading=\"lazy\" decoding=\"async\" class=\"aligncenter size-medium wp-image-2139\" src=\"https:\/\/www.funiculart.fr\/ressources\/wp-content\/uploads\/2016\/11\/kizoa-533x400.jpg\" alt=\"kizoa\" width=\"533\" height=\"400\" srcset=\"https:\/\/www.funiculart.fr\/ressources\/wp-content\/uploads\/2016\/11\/kizoa-533x400.jpg 533w, https:\/\/www.funiculart.fr\/ressources\/wp-content\/uploads\/2016\/11\/kizoa-768x576.jpg 768w, https:\/\/www.funiculart.fr\/ressources\/wp-content\/uploads\/2016\/11\/kizoa-1024x768.jpg 1024w, https:\/\/www.funiculart.fr\/ressources\/wp-content\/uploads\/2016\/11\/kizoa-600x450.jpg 600w, https:\/\/www.funiculart.fr\/ressources\/wp-content\/uploads\/2016\/11\/kizoa.jpg 1118w\" sizes=\"auto, (max-width: 533px) 100vw, 533px\" \/><\/a><\/p>\n","protected":false},"excerpt":{"rendered":"<p>J\u00e9r\u00f4me FABRY &lt;jeromefabry@orange.fr&gt; focale31 photographe jardin d&rsquo;eden en Savoie je cherche des mod\u00e8les Bonjour , je recherche des mod\u00e8les f\u00e9minins de tous \u00e2ges ( les d\u00e9butantes sont les bienvenues ) pour diff\u00e9rents projets et styles .Vous pouvez voir mon book sur le site focale31 photographe jardin d&rsquo;eden en Savoie .<\/p>\n","protected":false},"author":1,"featured_media":0,"parent":0,"menu_order":0,"comment_status":"closed","ping_status":"closed","template":"","meta":{"footnotes":""},"class_list":["post-2138","page","type-page","status-publish","hentry"],"aioseo_notices":[],"_links":{"self":[{"href":"https:\/\/www.funiculart.fr\/ressources\/wp-json\/wp\/v2\/pages\/2138","targetHints":{"allow":["GET"]}}],"collection":[{"href":"https:\/\/www.funiculart.fr\/ressources\/wp-json\/wp\/v2\/pages"}],"about":[{"href":"https:\/\/www.funiculart.fr\/ressources\/wp-json\/wp\/v2\/types\/page"}],"author":[{"embeddable":true,"href":"https:\/\/www.funiculart.fr\/ressources\/wp-json\/wp\/v2\/users\/1"}],"replies":[{"embeddable":true,"href":"https:\/\/www.funiculart.fr\/ressources\/wp-json\/wp\/v2\/comments?post=2138"}],"version-history":[{"count":0,"href":"https:\/\/www.funiculart.fr\/ressources\/wp-json\/wp\/v2\/pages\/2138\/revisions"}],"wp:attachment":[{"href":"https:\/\/www.funiculart.fr\/ressources\/wp-json\/wp\/v2\/media?parent=2138"}],"curies":[{"name":"wp","href":"https:\/\/api.w.org\/{rel}","templated":true}]}}

Jérôme FABRY &#8211; Focale31

<p>Jérôme FABRY &lt;<a href="mailto:jeromefabry@orange.fr">jeromefabry@orange.fr</a>&gt;</p>
<p>focale31 photographe jardin d&rsquo;eden en Savoie<br />
je cherche des modèles<br />
Bonjour , je recherche des modèles féminins de tous âges ( les débutantes sont les bienvenues ) pour différents projets et styles .Vous pouvez voir mon book sur le site focale31 photographe jardin d&rsquo;eden en Savoie .</p>
<p><a href="https://www.funiculart.fr/ressources/wp-content/uploads/2016/11/kizoa.jpg"><img loading="lazy" decoding="async" class="aligncenter size-medium wp-image-2139" src="https://www.funiculart.fr/ressources/wp-content/uploads/2016/11/kizoa-533x400.jpg" alt="kizoa" width="533" height="400" srcset="https://www.funiculart.fr/ressources/wp-content/uploads/2016/11/kizoa-533x400.jpg 533w, https://www.funiculart.fr/ressources/wp-content/uploads/2016/11/kizoa-768x576.jpg 768w, https://www.funiculart.fr/ressources/wp-content/uploads/2016/11/kizoa-1024x768.jpg 1024w, https://www.funiculart.fr/ressources/wp-content/uploads/2016/11/kizoa-600x450.jpg 600w, https://www.funiculart.fr/ressources/wp-content/uploads/2016/11/kizoa.jpg 1118w" sizes="auto, (max-width: 533px) 100vw, 533px" /></a></p>

<p>Jérôme FABRY &lt;jeromefabry@orange.fr&gt; focale31 photographe jardin d&rsquo;eden en Savoie je cherche des modèles Bonjour , je recherche des modèles féminins de tous âges ( les débutantes sont les bienvenues ) pour différents projets et styles .Vous pouvez voir mon book sur le site focale31 photographe jardin d&rsquo;eden en Savoie .</p>
