{"id":2026,"date":"2016-03-14T08:34:48","date_gmt":"2016-03-14T06:34:48","guid":{"rendered":"https:\/\/www.funiculart.fr\/ressources\/?page_id=2026"},"modified":"2016-03-14T08:40:53","modified_gmt":"2016-03-14T06:40:53","slug":"eglise-st-pierre-amiens","status":"publish","type":"page","link":"https:\/\/www.funiculart.fr\/ressources\/eglise-st-pierre-amiens\/","title":{"rendered":"Eglise St-Pierre-Amiens :"},"content":{"rendered":"<p>L&rsquo; \u00e9glise St-Pierre-Amiens :<br \/>\nUn lieu de rencontres, de partages o\u00f9 les uns et les autres peuvent grandir.<\/p>\n<p>Des expositions y sont organis\u00e9es r\u00e9guli\u00e8rement \/ Exposition de printemps (2016 : Mary Chaplin).<\/p>\n<p>Pour toutes propositions d&rsquo;expositions merci de contacter <a href=\"mailto:jean-pierre.dalibot@wanadoo.fr\">jean-pierre.dalibot@wanadoo.fr<\/a><\/p>\n<p><a href=\"http:\/\/www.jean-pierre-dalibot.net\/quartierst-pierre.htm\" target=\"_blank\">http:\/\/www.jean-pierre-dalibot.net\/quartierst-pierre.htm<\/a><\/p>\n","protected":false},"excerpt":{"rendered":"<p>L&rsquo; \u00e9glise St-Pierre-Amiens : Un lieu de rencontres, de partages o\u00f9 les uns et les autres peuvent grandir. Des expositions y sont organis\u00e9es r\u00e9guli\u00e8rement \/ Exposition de printemps (2016 : Mary Chaplin). Pour toutes propositions d&rsquo;expositions merci de contacter jean-pierre.dalibot@wanadoo.fr http:\/\/www.jean-pierre-dalibot.net\/quartierst-pierre.htm<\/p>\n","protected":false},"author":1,"featured_media":0,"parent":0,"menu_order":0,"comment_status":"closed","ping_status":"closed","template":"","meta":{"footnotes":""},"class_list":["post-2026","page","type-page","status-publish","hentry"],"aioseo_notices":[],"_links":{"self":[{"href":"https:\/\/www.funiculart.fr\/ressources\/wp-json\/wp\/v2\/pages\/2026","targetHints":{"allow":["GET"]}}],"collection":[{"href":"https:\/\/www.funiculart.fr\/ressources\/wp-json\/wp\/v2\/pages"}],"about":[{"href":"https:\/\/www.funiculart.fr\/ressources\/wp-json\/wp\/v2\/types\/page"}],"author":[{"embeddable":true,"href":"https:\/\/www.funiculart.fr\/ressources\/wp-json\/wp\/v2\/users\/1"}],"replies":[{"embeddable":true,"href":"https:\/\/www.funiculart.fr\/ressources\/wp-json\/wp\/v2\/comments?post=2026"}],"version-history":[{"count":0,"href":"https:\/\/www.funiculart.fr\/ressources\/wp-json\/wp\/v2\/pages\/2026\/revisions"}],"wp:attachment":[{"href":"https:\/\/www.funiculart.fr\/ressources\/wp-json\/wp\/v2\/media?parent=2026"}],"curies":[{"name":"wp","href":"https:\/\/api.w.org\/{rel}","templated":true}]}}