{"id":1800,"date":"2015-11-12T18:17:42","date_gmt":"2015-11-12T16:17:42","guid":{"rendered":"https:\/\/www.funiculart.fr\/ressources\/?page_id=1800"},"modified":"2016-04-26T11:36:20","modified_gmt":"2016-04-26T09:36:20","slug":"matt-pose-nu-pour-artistes-lillois","status":"publish","type":"page","link":"https:\/\/www.funiculart.fr\/ressources\/matt-pose-nu-pour-artistes-lillois\/","title":{"rendered":"Matt pose nu pour artistes Lillois"},"content":{"rendered":"<p>Matt. &lt;<a href=\"mailto:fablille2014@yahoo.fr\">fablille2014@yahoo.fr<\/a>&gt;<\/p>\n<p>Bonjour \u00e0 tous,<br \/>\nJe suis un homme de 30 ans 1M82\/72Kg, sportif mince et dessin\u00e9, blond, yeux verts, int\u00e9ress\u00e9 pour poser nu pour photos, dessins, sculptures sur la r\u00e9gion Lilloise. D&rsquo;un naturel ouvert et curieux j&rsquo;\u00e9tudie tous les projets, m\u00eame les plus funs! Je pose en \u00e9change de clich\u00e9s, dessins ou faible r\u00e9mun\u00e9ration. Contact \u00e0 <a href=\"mailto:fablille2014@yahoo.fr\">fablille2014@yahoo.fr<\/a><br \/>\nA bient\u00f4t!<br \/>\nCdlt<br \/>\nMatt.<\/p>\n","protected":false},"excerpt":{"rendered":"<p>Matt. &lt;fablille2014@yahoo.fr&gt; Bonjour \u00e0 tous, Je suis un homme de 30 ans 1M82\/72Kg, sportif mince et dessin\u00e9, blond, yeux verts, int\u00e9ress\u00e9 pour poser nu pour photos, dessins, sculptures sur la r\u00e9gion Lilloise. D&rsquo;un naturel ouvert et curieux j&rsquo;\u00e9tudie tous les projets, m\u00eame les plus funs! Je pose en \u00e9change de clich\u00e9s, dessins ou faible r\u00e9mun\u00e9ration. [&hellip;]<\/p>\n","protected":false},"author":1,"featured_media":0,"parent":0,"menu_order":0,"comment_status":"closed","ping_status":"closed","template":"","meta":{"footnotes":""},"class_list":["post-1800","page","type-page","status-publish","hentry"],"aioseo_notices":[],"_links":{"self":[{"href":"https:\/\/www.funiculart.fr\/ressources\/wp-json\/wp\/v2\/pages\/1800","targetHints":{"allow":["GET"]}}],"collection":[{"href":"https:\/\/www.funiculart.fr\/ressources\/wp-json\/wp\/v2\/pages"}],"about":[{"href":"https:\/\/www.funiculart.fr\/ressources\/wp-json\/wp\/v2\/types\/page"}],"author":[{"embeddable":true,"href":"https:\/\/www.funiculart.fr\/ressources\/wp-json\/wp\/v2\/users\/1"}],"replies":[{"embeddable":true,"href":"https:\/\/www.funiculart.fr\/ressources\/wp-json\/wp\/v2\/comments?post=1800"}],"version-history":[{"count":0,"href":"https:\/\/www.funiculart.fr\/ressources\/wp-json\/wp\/v2\/pages\/1800\/revisions"}],"wp:attachment":[{"href":"https:\/\/www.funiculart.fr\/ressources\/wp-json\/wp\/v2\/media?parent=1800"}],"curies":[{"name":"wp","href":"https:\/\/api.w.org\/{rel}","templated":true}]}}

<p>Matt. &lt;<a href="mailto:fablille2014@yahoo.fr">fablille2014@yahoo.fr</a>&gt;</p>
<p>Bonjour à tous,<br />
Je suis un homme de 30 ans 1M82/72Kg, sportif mince et dessiné, blond, yeux verts, intéressé pour poser nu pour photos, dessins, sculptures sur la région Lilloise. D&rsquo;un naturel ouvert et curieux j&rsquo;étudie tous les projets, même les plus funs! Je pose en échange de clichés, dessins ou faible rémunération. Contact à <a href="mailto:fablille2014@yahoo.fr">fablille2014@yahoo.fr</a><br />
A bientôt!<br />
Cdlt<br />
Matt.</p>

<p>Matt. &lt;fablille2014@yahoo.fr&gt; Bonjour à tous, Je suis un homme de 30 ans 1M82/72Kg, sportif mince et dessiné, blond, yeux verts, intéressé pour poser nu pour photos, dessins, sculptures sur la région Lilloise. D&rsquo;un naturel ouvert et curieux j&rsquo;étudie tous les projets, même les plus funs! Je pose en échange de clichés, dessins ou faible rémunération. [&hellip;]</p>
