{"id":1677,"date":"2015-08-31T16:18:01","date_gmt":"2015-08-31T14:18:01","guid":{"rendered":"https:\/\/www.funiculart.fr\/ressources\/?page_id=1677"},"modified":"2015-08-31T16:18:01","modified_gmt":"2015-08-31T14:18:01","slug":"michael-vasseur-pose-sur-la-ville-de-calais","status":"publish","type":"page","link":"https:\/\/www.funiculart.fr\/ressources\/michael-vasseur-pose-sur-la-ville-de-calais\/","title":{"rendered":"MICHAEL VASSEUR pose sur la ville de Calais"},"content":{"rendered":"<p>MICHAEL VASSEUR &lt;<a href=\"mailto:mvasseur62@gmail.com\">mvasseur62@gmail.com<\/a>&gt;<\/p>\n<p>Homme 29ans, mesure 1.80 m &#8211; de stature normale, je recherche une premi\u00e8re exp\u00e9rience en tant que mod\u00e8le.<br \/>\nJe suis disponible exclusivement sur la ville de Calais le Mercredi et \/ ou Jeudi de 18 h 20 \u00e0 19 h 10<br \/>\nPas d&rsquo;exigence particuli\u00e8re concernant la r\u00e9mun\u00e9ration.<\/p>\n<p><a href=\"https:\/\/www.funiculart.fr\/ressources\/wp-content\/uploads\/2015\/08\/sans-titre.jpg\"><img loading=\"lazy\" decoding=\"async\" class=\"aligncenter size-full wp-image-1678\" src=\"https:\/\/www.funiculart.fr\/ressources\/wp-content\/uploads\/2015\/08\/sans-titre.jpg\" alt=\"MICHAEL VASSEUR \" width=\"325\" height=\"439\" srcset=\"https:\/\/www.funiculart.fr\/ressources\/wp-content\/uploads\/2015\/08\/sans-titre.jpg 325w, https:\/\/www.funiculart.fr\/ressources\/wp-content\/uploads\/2015\/08\/sans-titre-296x400.jpg 296w\" sizes=\"auto, (max-width: 325px) 100vw, 325px\" \/><\/a><\/p>\n","protected":false},"excerpt":{"rendered":"<p>MICHAEL VASSEUR &lt;mvasseur62@gmail.com&gt; Homme 29ans, mesure 1.80 m &#8211; de stature normale, je recherche une premi\u00e8re exp\u00e9rience en tant que mod\u00e8le. Je suis disponible exclusivement sur la ville de Calais le Mercredi et \/ ou Jeudi de 18 h 20 \u00e0 19 h 10 Pas d&rsquo;exigence particuli\u00e8re concernant la r\u00e9mun\u00e9ration.<\/p>\n","protected":false},"author":1,"featured_media":0,"parent":0,"menu_order":0,"comment_status":"closed","ping_status":"closed","template":"","meta":{"footnotes":""},"class_list":["post-1677","page","type-page","status-publish","hentry"],"aioseo_notices":[],"_links":{"self":[{"href":"https:\/\/www.funiculart.fr\/ressources\/wp-json\/wp\/v2\/pages\/1677","targetHints":{"allow":["GET"]}}],"collection":[{"href":"https:\/\/www.funiculart.fr\/ressources\/wp-json\/wp\/v2\/pages"}],"about":[{"href":"https:\/\/www.funiculart.fr\/ressources\/wp-json\/wp\/v2\/types\/page"}],"author":[{"embeddable":true,"href":"https:\/\/www.funiculart.fr\/ressources\/wp-json\/wp\/v2\/users\/1"}],"replies":[{"embeddable":true,"href":"https:\/\/www.funiculart.fr\/ressources\/wp-json\/wp\/v2\/comments?post=1677"}],"version-history":[{"count":0,"href":"https:\/\/www.funiculart.fr\/ressources\/wp-json\/wp\/v2\/pages\/1677\/revisions"}],"wp:attachment":[{"href":"https:\/\/www.funiculart.fr\/ressources\/wp-json\/wp\/v2\/media?parent=1677"}],"curies":[{"name":"wp","href":"https:\/\/api.w.org\/{rel}","templated":true}]}}