{"id":1520,"date":"2015-04-20T09:55:41","date_gmt":"2015-04-20T07:55:41","guid":{"rendered":"https:\/\/www.funiculart.fr\/ressources\/?page_id=1520"},"modified":"2021-05-26T11:32:40","modified_gmt":"2021-05-26T09:32:40","slug":"salon-des-peintres-du-touquet-paris-plage","status":"publish","type":"page","link":"https:\/\/www.funiculart.fr\/ressources\/salon-des-peintres-du-touquet-paris-plage\/","title":{"rendered":"Salon des Peintres du Touquet-Paris-Plage"},"content":{"rendered":"<p>Le \u00ab\u00a0Salon des Peintres du Touquet-Paris-Plage\u00a0\u00bb a \u00e9t\u00e9 cr\u00e9\u00e9 en 1988, l\u2019APAPCO\u00a0(Association \u00e0 but non lucratif) organise deux expositions annuelles\u00a0: au printemps et le dernier Week-end de l\u2019ann\u00e9e.<\/p>\n<p>Ce salon tourne autour de deux objectifs majeurs : \u00eatre accessible \u00e0 toutes et tous (gratuit) et proposer au public une grande convivialit\u00e9 gr\u00e2ce \u00e0 la pr\u00e9sence des artistes pendant l&rsquo;expo (\u00e9changes, explications, prises de contacts&#8230;)<\/p>\n<p>Prochaine date : du Jeudi 14 mai au Dimanche 17 mai 2015.<\/p>\n<p><b>Entr\u00e9e libre et gratuite de 10h \u00e0 18 h Salle Moli\u00e8re au Palais des Congr\u00e8s du Touquet-Paris-Plage.<\/b><\/p>\n<p>&nbsp;<\/p>\n<!-- Rendered by FancyBox without labels BEGIN -->\n\n\t<style type=\"text\/css\">\n\t\t\t\t\t#gallery-0 {\n\t\t\t\t\t\tmargin: auto;\n\t\t\t\t\t}\n\t\t\t\t\t#gallery-0 .gallery-item {\n\t\t\t\t\t\tfloat: left;\n\t\t\t\t\t\tmargin-top: 10px;\n\t\t\t\t\t\ttext-align: center;\n\t\t\t\t\t\twidth: 32%;\n\t\t\t\t\t}\n\t\t\t\t\t#gallery-0 img {\n\t\t\t\t\t\tborder: 2px solid #cfcfcf;\n\t\t\t\t\t}\n\t\t\t\t\t#gallery-0 .gallery-caption {\n\t\t\t\t\t\tmargin-left: 0;\n\t\t\t\t\t}\n\t<\/style>\n<script type=\"text\/javascript\">\n$(document).ready(function() {\n\t\/*\n\t *  Simple image gallery. Uses default settings\n\t *\/\n\n\t$(\".fancybox\").fancybox({\n\t\t\"transitionIn\"\t\t: \"none\",\n\t\t\"transitionOut\"\t\t: \"none\",\n\t\t\"titlePosition\" \t: \"over\"\n\n\t});\n});\n<\/script>\n\n\t<div id=\"gallery-0\" class=\"gallery galleryid-0 gallery-size-thumbnail\" style=\"\"><dl class=\"gallery-item\"><dt class=\"gallery-icon\">\n\t\t<a class=\"fancybox\" href=\"https:\/\/www.funiculart.fr\/ressources\/wp-content\/uploads\/2015\/04\/0000406395_2.jpg\" rel=\"gallery-0\"><img loading=\"lazy\" decoding=\"async\" width=\"150\" height=\"268\" class=\"attachment-thumbnail\" alt=\"\" src=\"https:\/\/www.funiculart.fr\/ressources\/wp-content\/uploads\/2015\/04\/0000406395_2-150x268.jpg\" \/><\/a><\/dt><\/dl>\n\n<dl class=\"gallery-item\"><dt class=\"gallery-icon\">\n\t\t<a class=\"fancybox\" href=\"https:\/\/www.funiculart.fr\/ressources\/wp-content\/uploads\/2015\/04\/salon-des-peintres-touquet-662x1024.jpg\" rel=\"gallery-0\"><img loading=\"lazy\" decoding=\"async\" width=\"150\" height=\"300\" class=\"attachment-thumbnail\" alt=\"\" src=\"https:\/\/www.funiculart.fr\/ressources\/wp-content\/uploads\/2015\/04\/salon-des-peintres-touquet-150x300.jpg\" \/><\/a><\/dt><\/dl>\n\n<dl class=\"gallery-item\"><dt class=\"gallery-icon\">\n\t\t<a class=\"fancybox\" href=\"https:\/\/www.funiculart.fr\/ressources\/wp-content\/uploads\/2015\/04\/salon-des-peintres-touquet-paris-plage.jpg\" rel=\"gallery-0\"><img loading=\"lazy\" decoding=\"async\" width=\"150\" height=\"243\" class=\"attachment-thumbnail\" alt=\"\" src=\"https:\/\/www.funiculart.fr\/ressources\/wp-content\/uploads\/2015\/04\/salon-des-peintres-touquet-paris-plage-150x243.jpg\" \/><\/a><\/dt><\/dl>\n\n<\/div><br clear=\"all\" \/><!-- Rendered by FancyBox without labels END -->\n\n<p><b>\u00a0Cette expo vous est conseill\u00e9e par le peintre <span class=\"st\"><em>Yves<\/em>&#8211;<em>jean Maucort<\/em><\/span><br \/>\n<\/b><\/p>\n","protected":false},"excerpt":{"rendered":"<p>Le \u00ab\u00a0Salon des Peintres du Touquet-Paris-Plage\u00a0\u00bb a \u00e9t\u00e9 cr\u00e9\u00e9 en 1988, l\u2019APAPCO\u00a0(Association \u00e0 but non lucratif) organise deux expositions annuelles\u00a0: au printemps et le dernier Week-end de l\u2019ann\u00e9e. Ce salon tourne autour de deux objectifs majeurs : \u00eatre accessible \u00e0 toutes et tous (gratuit) et proposer au public une grande convivialit\u00e9 gr\u00e2ce \u00e0 la pr\u00e9sence [&hellip;]<\/p>\n","protected":false},"author":1,"featured_media":0,"parent":0,"menu_order":0,"comment_status":"open","ping_status":"open","template":"","meta":{"footnotes":""},"class_list":["post-1520","page","type-page","status-publish","hentry"],"aioseo_notices":[],"_links":{"self":[{"href":"https:\/\/www.funiculart.fr\/ressources\/wp-json\/wp\/v2\/pages\/1520","targetHints":{"allow":["GET"]}}],"collection":[{"href":"https:\/\/www.funiculart.fr\/ressources\/wp-json\/wp\/v2\/pages"}],"about":[{"href":"https:\/\/www.funiculart.fr\/ressources\/wp-json\/wp\/v2\/types\/page"}],"author":[{"embeddable":true,"href":"https:\/\/www.funiculart.fr\/ressources\/wp-json\/wp\/v2\/users\/1"}],"replies":[{"embeddable":true,"href":"https:\/\/www.funiculart.fr\/ressources\/wp-json\/wp\/v2\/comments?post=1520"}],"version-history":[{"count":0,"href":"https:\/\/www.funiculart.fr\/ressources\/wp-json\/wp\/v2\/pages\/1520\/revisions"}],"wp:attachment":[{"href":"https:\/\/www.funiculart.fr\/ressources\/wp-json\/wp\/v2\/media?parent=1520"}],"curies":[{"name":"wp","href":"https:\/\/api.w.org\/{rel}","templated":true}]}}