{"id":151,"date":"2012-09-07T18:37:26","date_gmt":"2012-09-07T16:37:26","guid":{"rendered":"https:\/\/www.funiculart.fr\/ressources\/?page_id=151"},"modified":"2014-02-25T09:00:09","modified_gmt":"2014-02-25T07:00:09","slug":"la-corderie-a-marcq-en-baroeul","status":"publish","type":"page","link":"https:\/\/www.funiculart.fr\/ressources\/la-corderie-a-marcq-en-baroeul\/","title":{"rendered":"LA CORDERIE \u00e0 MARCQ EN BAROEUL"},"content":{"rendered":"<p>LA CORDERIE \u00e0 MARCQ EN BAROEUL se situe 56 rue Albert Bailly (F\u00eate de la Saint Vincent d&rsquo;Automne qui ont lieu chaque ann\u00e9e de Septembre \u00e0 D\u00e9cembre).<br \/>\nOn y d\u00e9veloppe exclusivement des expo individuelles. Il est \u00e0 noter que cette galerie propose une bonne communication, une tr\u00e8s belle salle d&rsquo;expo suivie par beaucoup de monde (id\u00e9al pour se faire conna\u00eetre). On y re\u00e7oit d&rsquo;excellentes retomb\u00e9es et ce lieu est gratuit pour les artistes.<br \/>\nContact: Monsieur Didier ANSSEAU <a href=\"mailto:Didier.ansseau@marcq-en-baroeul.fr\">Didier.ansseau@marcq-en-baroeul.fr<\/a>\u00a0 T\u00e9l\u00e9phone : 03 20 81 87 45Gallery is empty!<\/p>\n<p>Lieu propos\u00e9 par Chantal Cheuva.<\/p>\n<p>&nbsp;<\/p>\n","protected":false},"excerpt":{"rendered":"<p>LA CORDERIE \u00e0 MARCQ EN BAROEUL se situe 56 rue Albert Bailly (F\u00eate de la Saint Vincent d&rsquo;Automne qui ont lieu chaque ann\u00e9e de Septembre \u00e0 D\u00e9cembre). On y d\u00e9veloppe exclusivement des expo individuelles. Il est \u00e0 noter que cette galerie propose une bonne communication, une tr\u00e8s belle salle d&rsquo;expo suivie par beaucoup de monde [&hellip;]<\/p>\n","protected":false},"author":1,"featured_media":0,"parent":0,"menu_order":0,"comment_status":"open","ping_status":"open","template":"","meta":{"footnotes":""},"class_list":["post-151","page","type-page","status-publish","hentry"],"aioseo_notices":[],"_links":{"self":[{"href":"https:\/\/www.funiculart.fr\/ressources\/wp-json\/wp\/v2\/pages\/151","targetHints":{"allow":["GET"]}}],"collection":[{"href":"https:\/\/www.funiculart.fr\/ressources\/wp-json\/wp\/v2\/pages"}],"about":[{"href":"https:\/\/www.funiculart.fr\/ressources\/wp-json\/wp\/v2\/types\/page"}],"author":[{"embeddable":true,"href":"https:\/\/www.funiculart.fr\/ressources\/wp-json\/wp\/v2\/users\/1"}],"replies":[{"embeddable":true,"href":"https:\/\/www.funiculart.fr\/ressources\/wp-json\/wp\/v2\/comments?post=151"}],"version-history":[{"count":0,"href":"https:\/\/www.funiculart.fr\/ressources\/wp-json\/wp\/v2\/pages\/151\/revisions"}],"wp:attachment":[{"href":"https:\/\/www.funiculart.fr\/ressources\/wp-json\/wp\/v2\/media?parent=151"}],"curies":[{"name":"wp","href":"https:\/\/api.w.org\/{rel}","templated":true}]}}