{"id":1385,"date":"2015-02-11T16:51:19","date_gmt":"2015-02-11T14:51:19","guid":{"rendered":"https:\/\/www.funiculart.fr\/ressources\/?page_id=1385"},"modified":"2015-02-11T16:56:18","modified_gmt":"2015-02-11T14:56:18","slug":"rupart-pose-sur-lille-et-ses-environs","status":"publish","type":"page","link":"https:\/\/www.funiculart.fr\/ressources\/rupart-pose-sur-lille-et-ses-environs\/","title":{"rendered":"Rupart pose sur Lille et ses environs"},"content":{"rendered":"<p>Rupart &lt;<a href=\"mailto:hogsonn@aol.fr\">hogsonn@aol.fr<\/a>&gt;<\/p>\n<p>Corps du message :<\/p>\n<p>Homme de 48 ans, mod\u00e8le exp\u00e9riment\u00e9 (plus de 10 ann\u00e9es d&rsquo;exp\u00e9rience), 1.73 m pour 68 kgs, cheveux courts ch\u00e2tains, de la m\u00e9tropole Lilloise, pose pour artistes tous genres (professionnels, amateurs, \u00e9tudiants, \u00e9coles et cours de dessin, peinture et modelage). Appr\u00e9ci\u00e9 pour ma disponibilit\u00e9 et ma patience.<\/p>\n<p>Possibilit\u00e9 d&rsquo;effectuer aussi des remplacements.<\/p>\n<p><a href=\"https:\/\/www.funiculart.fr\/ressources\/wp-content\/uploads\/2015\/02\/sans-titre.png\"><img loading=\"lazy\" decoding=\"async\" class=\"aligncenter wp-image-1388 size-full\" src=\"https:\/\/www.funiculart.fr\/ressources\/wp-content\/uploads\/2015\/02\/sans-titre-e1423666573289.png\" alt=\"sans-titre\" width=\"481\" height=\"382\" \/><\/a><\/p>\n","protected":false},"excerpt":{"rendered":"<p>Rupart &lt;hogsonn@aol.fr&gt; Corps du message : Homme de 48 ans, mod\u00e8le exp\u00e9riment\u00e9 (plus de 10 ann\u00e9es d&rsquo;exp\u00e9rience), 1.73 m pour 68 kgs, cheveux courts ch\u00e2tains, de la m\u00e9tropole Lilloise, pose pour artistes tous genres (professionnels, amateurs, \u00e9tudiants, \u00e9coles et cours de dessin, peinture et modelage). Appr\u00e9ci\u00e9 pour ma disponibilit\u00e9 et ma patience. Possibilit\u00e9 d&rsquo;effectuer aussi [&hellip;]<\/p>\n","protected":false},"author":1,"featured_media":0,"parent":0,"menu_order":0,"comment_status":"open","ping_status":"open","template":"","meta":{"footnotes":""},"class_list":["post-1385","page","type-page","status-publish","hentry"],"aioseo_notices":[],"_links":{"self":[{"href":"https:\/\/www.funiculart.fr\/ressources\/wp-json\/wp\/v2\/pages\/1385","targetHints":{"allow":["GET"]}}],"collection":[{"href":"https:\/\/www.funiculart.fr\/ressources\/wp-json\/wp\/v2\/pages"}],"about":[{"href":"https:\/\/www.funiculart.fr\/ressources\/wp-json\/wp\/v2\/types\/page"}],"author":[{"embeddable":true,"href":"https:\/\/www.funiculart.fr\/ressources\/wp-json\/wp\/v2\/users\/1"}],"replies":[{"embeddable":true,"href":"https:\/\/www.funiculart.fr\/ressources\/wp-json\/wp\/v2\/comments?post=1385"}],"version-history":[{"count":0,"href":"https:\/\/www.funiculart.fr\/ressources\/wp-json\/wp\/v2\/pages\/1385\/revisions"}],"wp:attachment":[{"href":"https:\/\/www.funiculart.fr\/ressources\/wp-json\/wp\/v2\/media?parent=1385"}],"curies":[{"name":"wp","href":"https:\/\/api.w.org\/{rel}","templated":true}]}}