{"id":127,"date":"2012-09-07T17:17:54","date_gmt":"2012-09-07T15:17:54","guid":{"rendered":"https:\/\/www.funiculart.fr\/ressources\/?page_id=127"},"modified":"2013-01-08T17:44:38","modified_gmt":"2013-01-08T15:44:38","slug":"cabaret-saint-omer","status":"publish","type":"page","link":"https:\/\/www.funiculart.fr\/ressources\/cabaret-saint-omer\/","title":{"rendered":"Le cabaret \u00e0 Saint Omer"},"content":{"rendered":"<p>Le cabaret a cess\u00e9 son activit\u00e9 : Alain et Genevi\u00e8ve ont pris leur retraite et il n&rsquo; y a pas d&rsquo;acqu\u00e9reur pour l&rsquo;instant.<\/p>\n","protected":false},"excerpt":{"rendered":"<p>Le cabaret a cess\u00e9 son activit\u00e9 : Alain et Genevi\u00e8ve ont pris leur retraite et il n&rsquo; y a pas d&rsquo;acqu\u00e9reur pour l&rsquo;instant.<\/p>\n","protected":false},"author":1,"featured_media":0,"parent":0,"menu_order":0,"comment_status":"open","ping_status":"open","template":"","meta":{"footnotes":""},"class_list":["post-127","page","type-page","status-publish","hentry"],"aioseo_notices":[],"_links":{"self":[{"href":"https:\/\/www.funiculart.fr\/ressources\/wp-json\/wp\/v2\/pages\/127","targetHints":{"allow":["GET"]}}],"collection":[{"href":"https:\/\/www.funiculart.fr\/ressources\/wp-json\/wp\/v2\/pages"}],"about":[{"href":"https:\/\/www.funiculart.fr\/ressources\/wp-json\/wp\/v2\/types\/page"}],"author":[{"embeddable":true,"href":"https:\/\/www.funiculart.fr\/ressources\/wp-json\/wp\/v2\/users\/1"}],"replies":[{"embeddable":true,"href":"https:\/\/www.funiculart.fr\/ressources\/wp-json\/wp\/v2\/comments?post=127"}],"version-history":[{"count":0,"href":"https:\/\/www.funiculart.fr\/ressources\/wp-json\/wp\/v2\/pages\/127\/revisions"}],"wp:attachment":[{"href":"https:\/\/www.funiculart.fr\/ressources\/wp-json\/wp\/v2\/media?parent=127"}],"curies":[{"name":"wp","href":"https:\/\/api.w.org\/{rel}","templated":true}]}}