{"id":1216,"date":"2014-09-25T12:48:33","date_gmt":"2014-09-25T10:48:33","guid":{"rendered":"https:\/\/www.funiculart.fr\/ressources\/?page_id=1216"},"modified":"2014-09-25T12:48:33","modified_gmt":"2014-09-25T10:48:33","slug":"quentin-pose-en-belgique-et-le-nord-de-la-france","status":"publish","type":"page","link":"https:\/\/www.funiculart.fr\/ressources\/quentin-pose-en-belgique-et-le-nord-de-la-france\/","title":{"rendered":"Quentin pose en Belgique et le nord de la France"},"content":{"rendered":"<p>Quentin &lt;<a href=\"mailto:tilapia113@yahoo.fr\">tilapia113@yahoo.fr<\/a>&gt;<\/p>\n<p>Homme la quarantaine pose pour dessinateurs, peintres ou sculpteurs (individuels ou groupes, d\u00e9butants ou confirm\u00e9s) &#8211; Exp\u00e9rience \u00e0 mon actif &#8211; 175 cm &#8211; 70 kg &#8211; sportif &#8211; Belgique (ou Nord de la France si plusieurs s\u00e9ances group\u00e9es sur une courte p\u00e9riode) &#8211; l\u00e9g\u00e8re PAF demand\u00e9e<\/p>\n<p><a href=\"https:\/\/www.funiculart.fr\/ressources\/wp-content\/uploads\/2014\/09\/mv5.jpg\"><img loading=\"lazy\" decoding=\"async\" class=\"aligncenter size-medium wp-image-1217\" src=\"https:\/\/www.funiculart.fr\/ressources\/wp-content\/uploads\/2014\/09\/mv5-533x400.jpg\" alt=\"mv5\" width=\"533\" height=\"400\" srcset=\"https:\/\/www.funiculart.fr\/ressources\/wp-content\/uploads\/2014\/09\/mv5-533x400.jpg 533w, https:\/\/www.funiculart.fr\/ressources\/wp-content\/uploads\/2014\/09\/mv5-1024x768.jpg 1024w, https:\/\/www.funiculart.fr\/ressources\/wp-content\/uploads\/2014\/09\/mv5-600x450.jpg 600w, https:\/\/www.funiculart.fr\/ressources\/wp-content\/uploads\/2014\/09\/mv5.jpg 1152w\" sizes=\"auto, (max-width: 533px) 100vw, 533px\" \/><\/a><\/p>\n","protected":false},"excerpt":{"rendered":"<p>Quentin &lt;tilapia113@yahoo.fr&gt; Homme la quarantaine pose pour dessinateurs, peintres ou sculpteurs (individuels ou groupes, d\u00e9butants ou confirm\u00e9s) &#8211; Exp\u00e9rience \u00e0 mon actif &#8211; 175 cm &#8211; 70 kg &#8211; sportif &#8211; Belgique (ou Nord de la France si plusieurs s\u00e9ances group\u00e9es sur une courte p\u00e9riode) &#8211; l\u00e9g\u00e8re PAF demand\u00e9e<\/p>\n","protected":false},"author":1,"featured_media":0,"parent":0,"menu_order":0,"comment_status":"open","ping_status":"open","template":"","meta":{"footnotes":""},"class_list":["post-1216","page","type-page","status-publish","hentry"],"aioseo_notices":[],"_links":{"self":[{"href":"https:\/\/www.funiculart.fr\/ressources\/wp-json\/wp\/v2\/pages\/1216","targetHints":{"allow":["GET"]}}],"collection":[{"href":"https:\/\/www.funiculart.fr\/ressources\/wp-json\/wp\/v2\/pages"}],"about":[{"href":"https:\/\/www.funiculart.fr\/ressources\/wp-json\/wp\/v2\/types\/page"}],"author":[{"embeddable":true,"href":"https:\/\/www.funiculart.fr\/ressources\/wp-json\/wp\/v2\/users\/1"}],"replies":[{"embeddable":true,"href":"https:\/\/www.funiculart.fr\/ressources\/wp-json\/wp\/v2\/comments?post=1216"}],"version-history":[{"count":0,"href":"https:\/\/www.funiculart.fr\/ressources\/wp-json\/wp\/v2\/pages\/1216\/revisions"}],"wp:attachment":[{"href":"https:\/\/www.funiculart.fr\/ressources\/wp-json\/wp\/v2\/media?parent=1216"}],"curies":[{"name":"wp","href":"https:\/\/api.w.org\/{rel}","templated":true}]}}

<p>Quentin &lt;<a href="mailto:tilapia113@yahoo.fr">tilapia113@yahoo.fr</a>&gt;</p>
<p>Homme la quarantaine pose pour dessinateurs, peintres ou sculpteurs (individuels ou groupes, débutants ou confirmés) &#8211; Expérience à mon actif &#8211; 175 cm &#8211; 70 kg &#8211; sportif &#8211; Belgique (ou Nord de la France si plusieurs séances groupées sur une courte période) &#8211; légère PAF demandée</p>
<p><a href="https://www.funiculart.fr/ressources/wp-content/uploads/2014/09/mv5.jpg"><img loading="lazy" decoding="async" class="aligncenter size-medium wp-image-1217" src="https://www.funiculart.fr/ressources/wp-content/uploads/2014/09/mv5-533x400.jpg" alt="mv5" width="533" height="400" srcset="https://www.funiculart.fr/ressources/wp-content/uploads/2014/09/mv5-533x400.jpg 533w, https://www.funiculart.fr/ressources/wp-content/uploads/2014/09/mv5-1024x768.jpg 1024w, https://www.funiculart.fr/ressources/wp-content/uploads/2014/09/mv5-600x450.jpg 600w, https://www.funiculart.fr/ressources/wp-content/uploads/2014/09/mv5.jpg 1152w" sizes="auto, (max-width: 533px) 100vw, 533px" /></a></p>

<p>Quentin &lt;tilapia113@yahoo.fr&gt; Homme la quarantaine pose pour dessinateurs, peintres ou sculpteurs (individuels ou groupes, débutants ou confirmés) &#8211; Expérience à mon actif &#8211; 175 cm &#8211; 70 kg &#8211; sportif &#8211; Belgique (ou Nord de la France si plusieurs séances groupées sur une courte période) &#8211; légère PAF demandée</p>
